{"id":472,"date":"2020-05-19T15:47:00","date_gmt":"2020-05-19T12:47:00","guid":{"rendered":"https:\/\/sites.uwasa.fi\/kielikeskuspaivat\/?page_id=472"},"modified":"2022-05-09T08:48:35","modified_gmt":"2022-05-09T05:48:35","slug":"language-stories","status":"publish","type":"page","link":"https:\/\/sites.uwasa.fi\/kielikeskuspaivat\/language-stories\/","title":{"rendered":"Kielitarinoita \u2013 Spr\u00e5kber\u00e4ttelser \u2013 Language stories"},"content":{"rendered":"<h3>P\u00e5 svenska nedan. In English below.<\/h3>\n<p>Ker\u00e4\u00e4mme <strong>kielitarinoita<\/strong> vuoden 2022 <em>Kielikeskusp\u00e4ivi\u00e4<\/em> varten. Haluaisitko kertoa tarinasi?<\/p>\n<p>Toivomme, ett\u00e4 tarina on noin puolen sivun pituinen ja mukaan voi mieluusti liitt\u00e4\u00e4 my\u00f6s kuvan joko itsest\u00e4si tai kielen k\u00e4ytt\u00f6\u00f6n liittyv\u00e4st\u00e4 tilanteestasi. Kirjoita vapaamuotoisesti mill\u00e4 kielell\u00e4 haluat. Voit k\u00e4sitell\u00e4 tekstiss\u00e4si esimerkiksi seuraavanlaisia asioita:<\/p>\n<ul>\n<li>Mit\u00e4 kieli\u00e4 osaat? Mit\u00e4 eri kielet sinulle merkitsev\u00e4t?<\/li>\n<li>Teetk\u00f6 eri kielill\u00e4 eri asioita?<\/li>\n<li>Mit\u00e4 ajatuksia sinulla on siit\u00e4, ett\u00e4 ihmisill\u00e4 on erilaisia puhetapoja?<\/li>\n<li>Oletko kokenut joissakin tilanteissa kielellisi\u00e4 paineita?<\/li>\n<li>Muutatko joskus tietoisesti puhetapaasi?<\/li>\n<\/ul>\n<p>Voit palauttaa kielitarinasi meille s\u00e4hk\u00f6postitse osoitteeseen kielikeskuspaivat@uwasa.fi viimeist\u00e4\u00e4n 13.5.2022. Vaasan yliopiston kielikeskuksella on oikeus k\u00e4ytt\u00e4\u00e4 kielitarinoita parhaaksi katsomallaan tavalla, esimerkiksi julkaisemalla niit\u00e4. Tekij\u00e4noikeus on tarinoiden kirjoittajilla, huomioithan k\u00e4ytt\u00f6oikeusasiat valitessasi kuvia.\u00a0 Paras kielitarina <a href=\"https:\/\/sites.uwasa.fi\/kielikeskuspaivat\/awards\/\">palkitaan!<\/a><\/p>\n<h3><strong>P\u00c5 SVENSKA:<\/strong><\/h3>\n<p>Vi samlar in <strong>spr\u00e5kber\u00e4ttelser<\/strong> till\u00a0<em>Spr\u00e5kcenterdagarna 2022<\/em>. Vill du skriva din ber\u00e4ttelse?<\/p>\n<p>Vi \u00f6nskar att ber\u00e4ttelsen \u00e4r ungef\u00e4r en halv sida l\u00e5ng och du kan g\u00e4rna skicka ocks\u00e5 med en bild, antingen p\u00e5\u00a0dig sj\u00e4lv eller p\u00e5 n\u00e5got som har att g\u00f6ra med en spr\u00e5kanv\u00e4ndningssituation i din ber\u00e4ttelse.\u00a0Formulera dig fritt och skriv p\u00e5 vilket spr\u00e5k du vill. I din text kan du t.ex. reflektera kring n\u00e5got av det h\u00e4r:<\/p>\n<ul>\n<li>Vilka spr\u00e5k kan du? Vad betyder spr\u00e5ken f\u00f6r dig?<\/li>\n<li>G\u00f6r du olika saker p\u00e5 olika spr\u00e5k?<\/li>\n<li>Vilka tankar har du om folks olika s\u00e4tt att prata?<\/li>\n<li>Har du n\u00e5gonsin k\u00e4nt dig pressad i en spr\u00e5kanv\u00e4ndningssituation?<\/li>\n<li>\u00c4ndrar du n\u00e5gonsin medvetet ditt s\u00e4tt att prata?<\/li>\n<\/ul>\n<p>Du kan l\u00e4mna in din spr\u00e5kber\u00e4ttelse via e-post till adressen kielikeskuspaivat@uwasa.fi senast den 13.5.2022. Spr\u00e5kcentret vid Vasa universitet har r\u00e4tt att anv\u00e4nda spr\u00e5kber\u00e4ttelserna p\u00e5 det s\u00e4tt som det anser b\u00e4st, till exempel genom att publicera dem. F\u00f6rfattaren till spr\u00e5kber\u00e4ttelsen ansvarar f\u00f6r upphovsr\u00e4tten, s\u00e5 observera anv\u00e4ndarr\u00e4tten vid val bilder. B\u00e4sta spr\u00e5kber\u00e4ttelse <a href=\"https:\/\/sites.uwasa.fi\/kielikeskuspaivat\/awards\/\">f\u00e5r ett pris!<\/a><\/p>\n<h3><strong>IN ENGLISH:<\/strong><\/h3>\n<p>We are collecting <strong>language stories<\/strong> for t<em>he Language Centre Days<\/em> in Vaasa 2022. Would you like to tell your story?<\/p>\n<p>Your story should be about half a page long and you can send us a\u00a0picture as well, either of yourself or of something linked to a\u00a0language situation in your story. Write informally, and in any language you like (but preferably\u00a0one that most people can understand). In your text, you can choose to\u00a0reflect on e.g. some of these issues:<\/p>\n<ul>\n<li>Which languages do you know? What do they mean to you?<\/li>\n<li>Do you do different things in different languages?<\/li>\n<li>What are your thoughts about people&#8217;s different ways of talking?<\/li>\n<li>Have you ever felt pressure in a language situation?<\/li>\n<li>Do you ever consciously change your way of talking?<\/li>\n<\/ul>\n<p>You can send your Language Story to us by email to the address kielikeskuspaivat@uwasa.fi, deadline May 13th 2022. The Language Centre at the University of Vaasa has the right to use the language stories the way it sees it best, for example by publishing them. Copyright is the responsibility of the writer of the story, please pay attention to user rights when choosing pictures. The best language story will be <a href=\"https:\/\/sites.uwasa.fi\/kielikeskuspaivat\/awards\/\">awarded a prize!<\/a><\/p>\n","protected":false},"excerpt":{"rendered":"<p>P\u00e5 svenska nedan. In English below. Ker\u00e4\u00e4mme kielitarinoita vuoden 2022 Kielikeskusp\u00e4ivi\u00e4 varten. Haluaisitko kertoa tarinasi? Toivomme, ett\u00e4 tarina on noin puolen sivun pituinen ja mukaan voi mieluusti liitt\u00e4\u00e4 my\u00f6s kuvan joko itsest\u00e4si tai kielen k\u00e4ytt\u00f6\u00f6n liittyv\u00e4st\u00e4 tilanteestasi. Kirjoita vapaamuotoisesti mill\u00e4 kielell\u00e4 haluat. Voit k\u00e4sitell\u00e4 tekstiss\u00e4si esimerkiksi seuraavanlaisia asioita: Mit\u00e4 kieli\u00e4 osaat? Mit\u00e4 eri kielet sinulle [&hellip;]<\/p>\n","protected":false},"author":70,"featured_media":0,"parent":0,"menu_order":0,"comment_status":"closed","ping_status":"closed","template":"page-templates\/tpl-image-wide.php","meta":{"_acf_changed":false,"footnotes":""},"class_list":["post-472","page","type-page","status-publish","hentry"],"acf":[],"lang":"fi","translations":{"fi":472},"pll_sync_post":[],"_links":{"self":[{"href":"https:\/\/sites.uwasa.fi\/kielikeskuspaivat\/wp-json\/wp\/v2\/pages\/472"}],"collection":[{"href":"https:\/\/sites.uwasa.fi\/kielikeskuspaivat\/wp-json\/wp\/v2\/pages"}],"about":[{"href":"https:\/\/sites.uwasa.fi\/kielikeskuspaivat\/wp-json\/wp\/v2\/types\/page"}],"author":[{"embeddable":true,"href":"https:\/\/sites.uwasa.fi\/kielikeskuspaivat\/wp-json\/wp\/v2\/users\/70"}],"replies":[{"embeddable":true,"href":"https:\/\/sites.uwasa.fi\/kielikeskuspaivat\/wp-json\/wp\/v2\/comments?post=472"}],"version-history":[{"count":26,"href":"https:\/\/sites.uwasa.fi\/kielikeskuspaivat\/wp-json\/wp\/v2\/pages\/472\/revisions"}],"predecessor-version":[{"id":986,"href":"https:\/\/sites.uwasa.fi\/kielikeskuspaivat\/wp-json\/wp\/v2\/pages\/472\/revisions\/986"}],"wp:attachment":[{"href":"https:\/\/sites.uwasa.fi\/kielikeskuspaivat\/wp-json\/wp\/v2\/media?parent=472"}],"curies":[{"name":"wp","href":"https:\/\/api.w.org\/{rel}","templated":true}]}}