{"id":309,"date":"2020-03-19T17:58:57","date_gmt":"2020-03-19T15:58:57","guid":{"rendered":"https:\/\/sites.uwasa.fi\/kielikeskuspaivat\/?page_id=309"},"modified":"2022-04-08T16:39:30","modified_gmt":"2022-04-08T13:39:30","slug":"inbjudan","status":"publish","type":"page","link":"https:\/\/sites.uwasa.fi\/kielikeskuspaivat\/sv\/inbjudan\/","title":{"rendered":"Inbjudan"},"content":{"rendered":"<h3 style=\"text-align: center\"><strong>Spr\u00e5kcenterdagarna ordnas 18\u201319.5.2022 p\u00e5 Vasa universitet.<\/strong><\/h3>\n<h3><\/h3>\n<h3><\/h3>\n<h3 style=\"text-align: center\"><strong>Dagarnas huvudtema \u00e4r<\/strong><\/h3>\n<p>&nbsp;<\/p>\n<p><img loading=\"lazy\" decoding=\"async\" class=\"size-medium wp-image-376 aligncenter\" src=\"https:\/\/sites.uwasa.fi\/kielikeskuspaivat\/wp-content\/blogs.dir\/4\/files\/sites\/74\/2020\/04\/tahtotila_logo_4v_taustaton-300x120.png\" alt=\"\" width=\"300\" height=\"120\" srcset=\"https:\/\/sites.uwasa.fi\/kielikeskuspaivat\/wp-content\/blogs.dir\/4\/files\/sites\/74\/2020\/04\/tahtotila_logo_4v_taustaton-300x120.png 300w, https:\/\/sites.uwasa.fi\/kielikeskuspaivat\/wp-content\/blogs.dir\/4\/files\/sites\/74\/2020\/04\/tahtotila_logo_4v_taustaton-1024x411.png 1024w, https:\/\/sites.uwasa.fi\/kielikeskuspaivat\/wp-content\/blogs.dir\/4\/files\/sites\/74\/2020\/04\/tahtotila_logo_4v_taustaton-768x308.png 768w, https:\/\/sites.uwasa.fi\/kielikeskuspaivat\/wp-content\/blogs.dir\/4\/files\/sites\/74\/2020\/04\/tahtotila_logo_4v_taustaton-1536x617.png 1536w, https:\/\/sites.uwasa.fi\/kielikeskuspaivat\/wp-content\/blogs.dir\/4\/files\/sites\/74\/2020\/04\/tahtotila_logo_4v_taustaton.png 1629w\" sizes=\"(max-width: 300px) 100vw, 300px\" \/><\/p>\n<p style=\"text-align: center\">Temat Tahto &amp; Tila stimulerar till diskussion om undervisning, inl\u00e4rning och samarbete \u00f6ver olika gr\u00e4nser ur spr\u00e5klig och kommunikativ synvinkel. V\u00e5rt geografiska l\u00e4ge, v\u00e5r tv\u00e5spr\u00e5kighet och den spr\u00e5kliga m\u00e5ngfald som ser olika ut i olika delar av landet, skapar kontaktytor mellan nationalspr\u00e5ken, samiskan och andra minoritetsspr\u00e5k samt de hundratals andra spr\u00e5k som anv\u00e4nds i v\u00e5rt land. \u201dSpr\u00e5k \u00f6ver gr\u00e4nserna\u201d handlar om m\u00e5nga olika slags gr\u00e4nser som p\u00e5verkar undervisningen och inl\u00e4rningen av spr\u00e5k och kommunikation. Gr\u00e4ns\u00f6verskridning p\u00e5 2000-talet f\u00f6ruts\u00e4tter m\u00e5ngsidiga spr\u00e5k- och kommunikationsf\u00e4rdigheter, och ocks\u00e5 effektiv digital kommunikation, d\u00e4r <em>Tahto<\/em>, viljan och engagemanget, utmanar och konkretiseras i <em>Tila<\/em>, platsen och situationen. Spr\u00e5k \u00e4r broar som f\u00f6renar oss, och temat \u201dSpr\u00e5k \u00f6ver gr\u00e4nserna\u201d \u00f6ppnar upp f\u00f6r diskussion \u00f6ver gr\u00e4nserna, om gr\u00e4nserna, och om undervisning, inl\u00e4rning och samarbete i en global v\u00e4rld.<\/p>\n<h2><\/h2>\n<h3 style=\"text-align: center\"><\/h3>\n<p>&nbsp;<\/p>\n<h3 style=\"text-align: center\"><strong>Huvudtalare:<\/strong><\/h3>\n<p>&nbsp;<\/p>\n<p style=\"text-align: center\"><strong><a href=\"https:\/\/sites.uwasa.fi\/kielikeskuspaivat\/gavin-furukawa\/\">Gavin Furukawa<\/a>, Sophia University, Tokyo, Japan<\/strong><\/p>\n<p style=\"text-align: center\"><em>The critical teacher in the real world: Situating conscious teaching within the existing language ideologies and their institutions<\/em><\/p>\n<p>&nbsp;<\/p>\n<p style=\"text-align: center\"><strong><a href=\"https:\/\/sites.uwasa.fi\/kielikeskuspaivat\/maria-jarlstrom\/\">Maria J\u00e4rlstr\u00f6m<\/a>, Vasa universitet &amp;\u00a0<a href=\"https:\/\/sites.uwasa.fi\/kielikeskuspaivat\/piekkari\/\">Rebecca Piekkari<\/a>, Aalto-universitetet<\/strong><\/p>\n<p style=\"text-align: center\"><em>Monikielisyys, diversiteetti ja inkluusio yliopistoissa: A challenge or opportunity for people management?<\/em><\/p>\n<p>&nbsp;<\/p>\n<p style=\"text-align: center\"><strong><a href=\"https:\/\/sites.uwasa.fi\/kielikeskuspaivat\/mari-k-niemi\/\">Mari K. Niemi<\/a>, E2 Tutkimus &amp; <a href=\"https:\/\/sites.uwasa.fi\/kielikeskuspaivat\/joakim-strand\/\">Joakim Strand<\/a><\/strong><\/p>\n<p style=\"text-align: center\"><em>Kuinka rakentaa yhteis\u00f6llisyytt\u00e4 monikielisess\u00e4 ymp\u00e4rist\u00f6ss\u00e4?\u00a0<\/em><em>Exempel och reflexioner\u00a0from the point of view of politics and university<\/em><\/p>\n<p>&nbsp;<\/p>\n<p style=\"text-align: center\"><strong><a href=\"https:\/\/sites.uwasa.fi\/kielikeskuspaivat\/tanja-sihvonen\/\">Tanja Sihvonen<\/a>, Vasa universitet<\/strong><\/p>\n<p style=\"text-align: center\"><em>Rajallisuus voimavarana<\/em><\/p>\n<p>&nbsp;<\/p>\n<h3><strong>Viktiga datum<\/strong><\/h3>\n<ul>\n<li>L\u00e4mna in abstraktet via e-post till adressen kielikeskuspaivat@uwasa.fi senast<del><strong> 28.1.2022<\/strong><\/del><strong> 4.2.2022 (ny deadline som flera \u00f6nskat)<\/strong>. M\u00e4rk abstraktet med ditt namn, presentationens tema och form (se alternativ nedan). Abstraktet kan vara p\u00e5 finska, svenska eller engelska och l\u00e4ngden p\u00e5 abstraktet b\u00f6r vara 250 ord + sammanfattning p\u00e5 50 ord. Se utf\u00f6rligare information nedan.<\/li>\n<li>Besked om godk\u00e4nda abstrakt kommer senast <strong>25.<\/strong><strong>2.2022<\/strong>.<\/li>\n<li>PowerPoint som anv\u00e4nds i samband med presentationen skickas till Vasa senast <strong>m\u00e5ndag 16.5<\/strong>.<\/li>\n<li>Early Bird-anm\u00e4lan och -avgifter <strong>28.2\u20138.4.2022<\/strong>.<\/li>\n<li>Deltagaravgift om du deltar p\u00e5 plats i Vasa 180 \u20ac, inneh\u00e5ller program, lunch och kaffeservering b\u00e5da dagarna<\/li>\n<li>Deltagaravgift om du deltar online 150 \u20ac, inneh\u00e5llar streamat program (plenarf\u00f6rel\u00e4sningar och minst h\u00e4lften av sektionsf\u00f6redragen)<\/li>\n<li>Deltagaravgift efter 8.4 \u00e4r 200 \u20ac (avgiften f\u00f6r \u00f6vers\u00e4ttarnas Round Table p\u00e5 torsdag \u00e4ndras inte)<\/li>\n<li>Avbokningsvillkor: inom Early Bird-tiden \u00e5terbetalas 50 % av deltagaravgiften vid avbokning. Avbokningar efter det \u00e5terbetalas ej.<\/li>\n<li>Anm\u00e4lan och betalning via MIRA-systemet, l\u00e4nken \u00f6ppnas 28.2. Alla betalningar g\u00f6rs via MIRA och inga enskilda fakturor skickas.\n<ul>\n<li>L\u00e4nk till MIRA: <a href=\"https:\/\/crm.uwasa.fi\/Events\/81\/Apply\">https:\/\/crm.uwasa.fi\/Events\/81\/Apply<\/a><\/li>\n<\/ul>\n<\/li>\n<li>Bindande anm\u00e4lan till tisdagens avgiftsfria Get together 17.5.2022 och onsdagens avgiftsbelagda middag 18.5.2022 (45 \u20ac) ocks\u00e5 via MIRA-systemet. Antalet deltagare kan begr\u00e4nsas p\u00e5 grund av eventuella restriktioner.<\/li>\n<li>Hotell hittar du <a href=\"https:\/\/sites.uwasa.fi\/kielikeskuspaivat\/hotelleja-vaasassa\/\">h\u00e4r<\/a>. <strong>OBS! Hotellen i centrum \u00e4r fullbokade enligt situationen 29.3,<\/strong> n\u00e5gra nya \u00f6vernattningsm\u00f6jligheter finns bakom l\u00e4nken.<\/li>\n<\/ul>\n<p>&nbsp;<\/p>\n<h3><strong>Presentationsf\u00f6rslag och -former<\/strong><\/h3>\n<p>F\u00f6r att kunna skapa programmet kategoriseras presentationerna under f\u00f6ljande teman. Om ditt bidrag inte passar n\u00e5gonstans, kan du lista det under \u201dAnnat\u201d.<\/p>\n<ul>\n<li>Spr\u00e5k i arbetet<\/li>\n<li>Testning av spr\u00e5kkompetens<\/li>\n<li>Flerformighet i undervisning och inl\u00e4rning<\/li>\n<li>Studiev\u00e4garnas m\u00e5ngfald<\/li>\n<li>Bed\u00f6mning av inl\u00e4rning<\/li>\n<li>Responsens syfte och form<\/li>\n<li>Strategi- och kvalitetsarbete<\/li>\n<li>Dimensioner av samarbete<\/li>\n<li>Annat<\/li>\n<\/ul>\n<p>Abstraktet l\u00e4mnas in via e-post och kan skrivas p\u00e5 svenska, finska eller engelska. Det \u00e4r m\u00f6jligt att h\u00e5lla presentationen p\u00e5 ett annat spr\u00e5k om man samtidigt har st\u00f6dmaterial p\u00e5 engelska.<\/p>\n<p>L\u00e4mna in ett abstrakt p\u00e5 250 ord och en sammanfattning p\u00e5 50 ord.<\/p>\n<p>&nbsp;<\/p>\n<h3>Presentationsformer<\/h3>\n<ol>\n<li>Individuell presentation: 25 min<\/li>\n<li>Blixtpresentation: 7 min (i programmet buntas 6\u20137 presentationer ihop till 60 minuters helheter enligt tema<\/li>\n<li>Posterpresentation: 30 min (de centrala tankarna framst\u00e4lls visuellt p\u00e5 ett dokument, men reserveras ocks\u00e5 tid och plats i programmet)<\/li>\n<li>Rundabordssamtal (en diskussionsledare och 2\u20134 samordnare): 60 min (informellt, diskuterande presentationss\u00e4tt)<\/li>\n<li>Onlinepresentation: 25 min<\/li>\n<\/ol>\n<p>Om pandemil\u00e4get till\u00e5ter det arrangeras symposiet p\u00e5 campus i Vasa. Vid behov arrangeras symposiet i hybridformat.<\/p>\n<p>&nbsp;<\/p>\n<h3>Priser<\/h3>\n<p>Under Spr\u00e5kcenterdagarna delas priser ut i f\u00f6ljande kategorier:<\/p>\n<ul>\n<li>B\u00e4sta presentationstitel<\/li>\n<li>B\u00e4sta posterdesign<\/li>\n<li>B\u00e4sta\u00a0<a href=\"https:\/\/sites.uwasa.fi\/kielikeskuspaivat\/language-stories\/\"><strong>spr\u00e5kber\u00e4ttelse<\/strong><\/a><\/li>\n<li>B\u00e4sta inneh\u00e5ll p\u00e5 sociala medier under Spr\u00e5kcenterdagarna<\/li>\n<\/ul>\n<p>&nbsp;<\/p>\n","protected":false},"excerpt":{"rendered":"<p>Spr\u00e5kcenterdagarna ordnas 18\u201319.5.2022 p\u00e5 Vasa universitet. Dagarnas huvudtema \u00e4r &nbsp; Temat Tahto &amp; Tila stimulerar till diskussion om undervisning, inl\u00e4rning och samarbete \u00f6ver olika gr\u00e4nser ur spr\u00e5klig och kommunikativ synvinkel. V\u00e5rt geografiska l\u00e4ge, v\u00e5r tv\u00e5spr\u00e5kighet och den spr\u00e5kliga m\u00e5ngfald som ser olika ut i olika delar av landet, skapar kontaktytor mellan nationalspr\u00e5ken, samiskan och andra [&hellip;]<\/p>\n","protected":false},"author":70,"featured_media":0,"parent":0,"menu_order":0,"comment_status":"closed","ping_status":"closed","template":"","meta":{"_acf_changed":false,"footnotes":""},"class_list":["post-309","page","type-page","status-publish","hentry"],"acf":[],"lang":"sv","translations":{"sv":309,"en":307,"fi":149},"pll_sync_post":[],"_links":{"self":[{"href":"https:\/\/sites.uwasa.fi\/kielikeskuspaivat\/wp-json\/wp\/v2\/pages\/309"}],"collection":[{"href":"https:\/\/sites.uwasa.fi\/kielikeskuspaivat\/wp-json\/wp\/v2\/pages"}],"about":[{"href":"https:\/\/sites.uwasa.fi\/kielikeskuspaivat\/wp-json\/wp\/v2\/types\/page"}],"author":[{"embeddable":true,"href":"https:\/\/sites.uwasa.fi\/kielikeskuspaivat\/wp-json\/wp\/v2\/users\/70"}],"replies":[{"embeddable":true,"href":"https:\/\/sites.uwasa.fi\/kielikeskuspaivat\/wp-json\/wp\/v2\/comments?post=309"}],"version-history":[{"count":29,"href":"https:\/\/sites.uwasa.fi\/kielikeskuspaivat\/wp-json\/wp\/v2\/pages\/309\/revisions"}],"predecessor-version":[{"id":923,"href":"https:\/\/sites.uwasa.fi\/kielikeskuspaivat\/wp-json\/wp\/v2\/pages\/309\/revisions\/923"}],"wp:attachment":[{"href":"https:\/\/sites.uwasa.fi\/kielikeskuspaivat\/wp-json\/wp\/v2\/media?parent=309"}],"curies":[{"name":"wp","href":"https:\/\/api.w.org\/{rel}","templated":true}]}}