{"id":7,"date":"2021-11-18T09:30:52","date_gmt":"2021-11-18T07:30:52","guid":{"rendered":"https:\/\/sites.uwasa.fi\/investmentcultures\/?page_id=7"},"modified":"2025-04-04T13:24:10","modified_gmt":"2025-04-04T10:24:10","slug":"research-team","status":"publish","type":"page","link":"https:\/\/sites.uwasa.fi\/investmentcultures\/research-team\/","title":{"rendered":"Research Team"},"content":{"rendered":"<p><a href=\"https:\/\/www.uwasa.fi\/en\/person\/1833030\" target=\"_blank\" rel=\"noopener\">Heidi Hirsto<\/a>, associate professor, University of Vaasa, project leader<\/p>\n<p><a href=\"https:\/\/www.uwasa.fi\/en\/person\/2011602\" target=\"_blank\" rel=\"noopener\">Maria Eronen-Valli<\/a>, tutkijatohtori<\/p>\n<p><a href=\"https:\/\/www.uwasa.fi\/en\/person\/2171672\" target=\"_blank\" rel=\"noopener\">Cecilia Hjerppe<\/a>, v\u00e4it\u00f6skirjatutkija<\/p>\n<p><a href=\"https:\/\/www.uwasa.fi\/en\/person\/2468703\" target=\"_blank\" rel=\"noopener\">Ella Lillqvist<\/a>, tutkijatohtori<\/p>\n<p><a href=\"https:\/\/www.uwasa.fi\/en\/person\/2657277\" target=\"_blank\" rel=\"noopener\">Merja Porttikivi<\/a>, tutkijatohtori<\/p>\n<p><a href=\"https:\/\/www.uwasa.fi\/fi\/henkilo\/2851233\" target=\"_blank\" rel=\"noopener\">Katriina Tikkala<\/a>, v\u00e4it\u00f6skirjatutkija<\/p>\n<p>Lauri Kauppila, tutkimusavustaja<\/p>\n<p>&nbsp;<\/p>\n<p>&nbsp;<\/p>\n<p><strong>Collaborators:<\/strong><\/p>\n<p><a href=\"https:\/\/www.teluq.ca\/siteweb\/univ\/en\/jobasque.html\" target=\"_blank\" rel=\"noopener\">Jo\u00eblle Basque<\/a>, TELUQ, Canada<\/p>\n<p>A. Fuat Firat, University of Texas, US<\/p>\n<p><a href=\"https:\/\/www.cbs.dk\/en\/research\/departments-and-centres\/department-of-management-politics-and-philosophy\/staff\/alampp\" target=\"_blank\" rel=\"noopener\">Ann-Christina Lange<\/a>, Copenhagen Business School, Denmark<\/p>\n<p><a href=\"https:\/\/www.uwasa.fi\/fi\/henkilo\/1041758\" target=\"_blank\" rel=\"noopener\">Merja Koskela<\/a>, University of Vaasa<\/p>\n<p>Arto Lanam\u00e4ki, University of Oulu<\/p>\n<p><a href=\"https:\/\/www2.helsinki.fi\/fi\/ihmiset\/henkilohaku\/paivi-timonen-9080339\" target=\"_blank\" rel=\"noopener\">P\u00e4ivi Timonen<\/a>, University of Helsinki<\/p>\n","protected":false},"excerpt":{"rendered":"<p>Heidi Hirsto, associate professor, University of Vaasa, project leader Maria Eronen-Valli, tutkijatohtori Cecilia Hjerppe, v\u00e4it\u00f6skirjatutkija Ella Lillqvist, tutkijatohtori Merja Porttikivi, tutkijatohtori Katriina Tikkala, v\u00e4it\u00f6skirjatutkija Lauri Kauppila, tutkimusavustaja &nbsp; &nbsp; Collaborators: Jo\u00eblle Basque, TELUQ, Canada A. Fuat Firat, University of Texas, US Ann-Christina Lange, Copenhagen Business School, Denmark Merja Koskela, University of Vaasa Arto Lanam\u00e4ki, University [&hellip;]<\/p>\n","protected":false},"author":49,"featured_media":0,"parent":0,"menu_order":0,"comment_status":"closed","ping_status":"closed","template":"","meta":{"_acf_changed":false,"footnotes":""},"class_list":["post-7","page","type-page","status-publish","hentry"],"acf":[],"_links":{"self":[{"href":"https:\/\/sites.uwasa.fi\/investmentcultures\/wp-json\/wp\/v2\/pages\/7"}],"collection":[{"href":"https:\/\/sites.uwasa.fi\/investmentcultures\/wp-json\/wp\/v2\/pages"}],"about":[{"href":"https:\/\/sites.uwasa.fi\/investmentcultures\/wp-json\/wp\/v2\/types\/page"}],"author":[{"embeddable":true,"href":"https:\/\/sites.uwasa.fi\/investmentcultures\/wp-json\/wp\/v2\/users\/49"}],"replies":[{"embeddable":true,"href":"https:\/\/sites.uwasa.fi\/investmentcultures\/wp-json\/wp\/v2\/comments?post=7"}],"version-history":[{"count":15,"href":"https:\/\/sites.uwasa.fi\/investmentcultures\/wp-json\/wp\/v2\/pages\/7\/revisions"}],"predecessor-version":[{"id":166,"href":"https:\/\/sites.uwasa.fi\/investmentcultures\/wp-json\/wp\/v2\/pages\/7\/revisions\/166"}],"wp:attachment":[{"href":"https:\/\/sites.uwasa.fi\/investmentcultures\/wp-json\/wp\/v2\/media?parent=7"}],"curies":[{"name":"wp","href":"https:\/\/api.w.org\/{rel}","templated":true}]}}