{"id":2,"date":"2021-11-18T08:52:51","date_gmt":"2021-11-18T06:52:51","guid":{"rendered":"https:\/\/sites.uwasa.fi\/investmentcultures\/?page_id=2"},"modified":"2025-12-04T12:32:10","modified_gmt":"2025-12-04T10:32:10","slug":"esimerkkisivu","status":"publish","type":"page","link":"https:\/\/sites.uwasa.fi\/investmentcultures\/","title":{"rendered":"Shifting Investment Cultures in Digital Spaces &#8211; Sijoituskulttuurin siirtymi\u00e4 digitaalisissa tiloissa"},"content":{"rendered":"<p>This research project focuses on the role of digital spaces in shaping investment culture. Digital spaces, such as social networking and crowdfunding platforms, provide novel possibilities for consumers to engage in investment practices and to participate in discussions about the values and meanings related to investing. Our goal in this project is to identify, analyze, and envision digital spaces where consumers can participate in the economy in meaningful and socially sustainable ways.<\/p>\n<p>The project took place in 2021-2025 and was funded by the Academy of Finland. Our work on the topic continues!<\/p>\n<p>**<\/p>\n<p>Tutkimushankkeessa tarkastellaan, miten kuluttajat osallistuvat ja vaikuttavat sijoituskulttuuriin erilaisissa digitaalisissa tiloissa, kuten sosiaalisessa mediassa ja joukkorahoitusalustoilla. L\u00e4ht\u00f6kohtana on, ett\u00e4 n\u00e4m\u00e4 tilat tarjoavat kuluttajille uudenlaisia mahdollisuuksia paitsi sijoittaa, my\u00f6s keskustella sijoittamisesta ja pohtia siihen liittyvi\u00e4 arvoja ja merkityksi\u00e4.\u00a0 Hankkeen p\u00e4\u00e4m\u00e4\u00e4r\u00e4n\u00e4 on tunnistaa, analysoida ja visioida tiloja, joissa kuluttajat voivat osallistua taloudelliseen toimintaan sosiaalisesti kest\u00e4vill\u00e4 tavoilla.<\/p>\n<p>Vuosina 2021-2025 toteutettua hanketta rahoitti Suomen Akatemia. Ty\u00f6mme aiheen parissa jatkuu!<\/p>\n<p><a href=\"https:\/\/www.uwasa.fi\/fi\/tutkimus\/hankkeet\/sijoituskulttuurin-siirtymia-digitaalisissa-tiloissa\" target=\"_blank\" rel=\"noopener\">Hankesivu<\/a> Vaasan yliopiston sivulla<\/p>\n<p>&nbsp;<\/p>\n<p>&nbsp;<\/p>\n","protected":false},"excerpt":{"rendered":"<p>This research project focuses on the role of digital spaces in shaping investment culture. Digital spaces, such as social networking and crowdfunding platforms, provide novel possibilities for consumers to engage in investment practices and to participate in discussions about the values and meanings related to investing. Our goal in this project is to identify, analyze, [&hellip;]<\/p>\n","protected":false},"author":49,"featured_media":0,"parent":0,"menu_order":0,"comment_status":"closed","ping_status":"open","template":"","meta":{"_acf_changed":false,"footnotes":""},"class_list":["post-2","page","type-page","status-publish","hentry"],"acf":[],"_links":{"self":[{"href":"https:\/\/sites.uwasa.fi\/investmentcultures\/wp-json\/wp\/v2\/pages\/2"}],"collection":[{"href":"https:\/\/sites.uwasa.fi\/investmentcultures\/wp-json\/wp\/v2\/pages"}],"about":[{"href":"https:\/\/sites.uwasa.fi\/investmentcultures\/wp-json\/wp\/v2\/types\/page"}],"author":[{"embeddable":true,"href":"https:\/\/sites.uwasa.fi\/investmentcultures\/wp-json\/wp\/v2\/users\/49"}],"replies":[{"embeddable":true,"href":"https:\/\/sites.uwasa.fi\/investmentcultures\/wp-json\/wp\/v2\/comments?post=2"}],"version-history":[{"count":23,"href":"https:\/\/sites.uwasa.fi\/investmentcultures\/wp-json\/wp\/v2\/pages\/2\/revisions"}],"predecessor-version":[{"id":184,"href":"https:\/\/sites.uwasa.fi\/investmentcultures\/wp-json\/wp\/v2\/pages\/2\/revisions\/184"}],"wp:attachment":[{"href":"https:\/\/sites.uwasa.fi\/investmentcultures\/wp-json\/wp\/v2\/media?parent=2"}],"curies":[{"name":"wp","href":"https:\/\/api.w.org\/{rel}","templated":true}]}}