{"id":230,"date":"2020-09-09T15:28:06","date_gmt":"2020-09-09T12:28:06","guid":{"rendered":"https:\/\/sites.uwasa.fi\/hktp2020\/?page_id=230"},"modified":"2020-11-10T09:08:50","modified_gmt":"2020-11-10T07:08:50","slug":"7-lahiotutkimusta-monitieteellisesta-nakokulmasta","status":"publish","type":"page","link":"https:\/\/sites.uwasa.fi\/hktp2020\/tyoryhmat\/7-lahiotutkimusta-monitieteellisesta-nakokulmasta\/","title":{"rendered":"7. L\u00e4hi\u00f6tutkimusta monitieteellisest\u00e4 n\u00e4k\u00f6kulmasta"},"content":{"rendered":"<p><strong>Perjantaina 9.30-11.00<\/strong><\/p>\n<p>Esitykset:<\/p>\n<ol>\n<li><strong>Satu Parjanen:<\/strong> Asukasl\u00e4ht\u00f6isen suunnittelutiedon tuottaminen ja hy\u00f6dynt\u00e4minen l\u00e4hi\u00f6iden kehitt\u00e4misess\u00e4 \u2013 teoreettinen viitekehys<\/li>\n<li><strong>Pauliina Lehtonen &amp; Sanna Tuurnas:<\/strong> Tiedon yhteistuottamista l\u00e4hi\u00f6ss\u00e4: Kokemuksia osallistuvasta budjetoinnista ja l\u00e4hi\u00f6n yhteis-suunnittelusta<\/li>\n<li><strong>Tuomas Honkaniemi &amp; Ilkka Luoto:<\/strong> Sosiaalisen p\u00e4\u00e4oman verkostot asuinalueiden kehitt\u00e4misen reunaehtoina<\/li>\n<li><strong>Johanna Kalliokoski ja Sofi Perikangas:<\/strong> Community Urban Planning Labit (CUPL) asukasosallistumisen ja innovaatioiden l\u00e4hteen\u00e4 asuinalueiden kehitt\u00e4misess\u00e4<\/li>\n<\/ol>\n<p>&nbsp;<\/p>\n<p><a href=\"https:\/\/sites.uwasa.fi\/hktp2020\/wp-content\/blogs.dir\/4\/files\/sites\/92\/2020\/11\/Abstraktikirja_paivitetty-10.11.2020.pdf#page=37\" target=\"_blank\" rel=\"noopener noreferrer\">Linkki ty\u00f6ryhm\u00e4n abstrakteihin (p\u00e4ivitetty 10.11.2020)<\/a><\/p>\n<p>&nbsp;<\/p>\n<p>V\u00e4est\u00f6n keskittyess\u00e4 kaupunkeihin niiden luonne muuttuu. Kaupungit eriytyv\u00e4t sis\u00e4isesti ja niist\u00e4 l\u00f6ytyy yh\u00e4 useammin selke\u00e4sti erottuvia hyvin toimeentulevien ja huonommin toimeentulevien asuinalueita. Ty\u00f6ryhm\u00e4ss\u00e4mme kysyt\u00e4\u00e4n, miten l\u00e4hi\u00f6it\u00e4 tulisi kehitt\u00e4\u00e4 osana erikokoisia kaupunkeja? Kuinka hallinto ja media puhuvat l\u00e4hi\u00f6ist\u00e4? Kenen \u00e4\u00e4ni kantaa ja kenen ei, kun l\u00e4hi\u00f6iden tulevaisuutta suunnitellaan? Millaisia ovat osallistumista edist\u00e4v\u00e4t sosiaaliset innovaatiot?<\/p>\n<p>Asuinalueiden sosioekonomiseen eriytymisen yhdeksi tunnistavaksi merkkipaaluksi on nimetty 1990-luvun taloudellinen lama ja sen aiheuttamat vaikutukset (Kortteinen &amp; Vaattovaara 2015). Puhutaan my\u00f6s ylisukupolvisista hyvinvointivaikutuksista, jotka jatkuvat taloudellisten lamakausien j\u00e4lkeenkin. Asia on j\u00e4lleen ajankohtainen korona-pandemian my\u00f6t\u00e4 huonontuneen ty\u00f6llisyystilanteen johdosta. Ty\u00f6tt\u00f6m\u00e4n\u00e4 oli 2020 kes\u00e4kuussa 47 000 kansalaista enemm\u00e4n kuin vuotta aikaisemmin (SVT 20.8.2020). Huono-osaisuus on my\u00f6s itsess\u00e4\u00e4n kertautuvaa, jolloin koulutuksen puute, pienituloisuus ja ty\u00f6tt\u00f6myys esiintyv\u00e4t yht\u00e4 aikaa. T\u00e4m\u00e4 puolestaan n\u00e4kyy alueellisina terveys- ja hyvinvointieroina (Vilkama &amp; Hirvonen 2018). Segregaation vaikutukset ilmenev\u00e4t alueiden maineen muodostumisessa, kouluvalinnoissa sek\u00e4 oppimistuloksissa (esim. Kosunen ym. 2016). N\u00e4ill\u00e4 kaikilla tekij\u00f6ill\u00e4 on puolestaan vaikutuksia muuttoliikkeeseen ja asuntojen hintoihin. Viime k\u00e4dess\u00e4 vaikutukset n\u00e4kyv\u00e4t koko kaupungin alueen toiminnallisessa, taloudellisessa ja hallinnollisessa dynamiikassa.<\/p>\n<p>Segregaatio on ollut Suomessa maltillista, mik\u00e4li vertailukohdaksi otetaan maailmankaupungit ja suuret eurooppalaiset metropolialueet. Onkin t\u00e4rke\u00e4\u00e4 pohtia, millaiset tekij\u00e4t ovat vaikuttaneet, ja tulevaisuudessa vaikuttavat l\u00e4hi\u00f6iden kehityspolkuihin. Voidaan esimerkiksi kysy\u00e4, tuottaako suomalainen hyvinvointivaltion hallinto toimivia ratkaisuja l\u00e4hi\u00f6iden kehitt\u00e4miseen?<\/p>\n<p>L\u00e4hi\u00f6tutkimuksen ty\u00f6ryhm\u00e4ty\u00f6skentely j\u00e4rjestet\u00e4\u00e4n virtuaalisena Zoom-yhteyden kautta. Ohjelma mahdollistaa PP-diojen ja muiden dokumenttien jakamisen muille osallistujille osana ty\u00f6ryhm\u00e4esityst\u00e4.<\/p>\n<p>&nbsp;<\/p>\n<p><strong>Ty\u00f6ryhm\u00e4n vet\u00e4j\u00e4t:<\/strong><\/p>\n<p>Ilkka Luoto (Vaasan yliopisto, aluetiede, <a href=\"mailto:ilkka.luoto@univaasa.fi\">ilkka.luoto@univaasa.fi<\/a><br \/>\nSanna Tuurnas (Vaasan yliopisto, julkisjohtaminen, <a href=\"mailto:sanna.tuurnas@univaasa.fi\">sanna.tuurnas@univaasa.fi<\/a><\/p>\n<p>&nbsp;<\/p>\n<p>L\u00e4hteet:<\/p>\n<p style=\"padding-left: 40px\">Kortteinen, M. &amp; Vaattovaara, M. (2015). Segregaation aika. Yhteiskuntapolitiikka 80:6, 562\u2013574.<\/p>\n<p style=\"padding-left: 40px\">Kosunen, S., Bernelius, V., Sepp\u00e4nen, P., &amp; Porkka, M. (2016). School Choice to Lower Secondary Schools and Mechanisms of Segregation in Urban Finland. Urban Education.<\/p>\n<p style=\"padding-left: 40px\">Suomen virallinen tilasto (SVT): Ty\u00f6voimatutkimus [verkkojulkaisu].\u00a0 ISSN=1798-7830. Kes\u00e4kuu 2020. Helsinki: Tilastokeskus [viitattu: 20.8.2020]. <a href=\"http:\/\/www.stat.fi\/til\/tyti\/2020\/06\/tyti_2020_06_2020-07-21_tie_001_fi.html\">http:\/\/www.stat.fi\/til\/tyti\/2020\/06\/tyti_2020_06_2020-07-21_tie_001_fi.html<\/a><\/p>\n<p style=\"padding-left: 40px\">Vilkama, K. &amp; Hirvonen, K. (2018). Helsingin alueellinen eriytyminen: kaksi l\u00e4hestymistapaa segregaation seuran- taan. Saatavissa: <a href=\"https:\/\/www.kvartti.fi\/fi\/artikkelit\/helsingin-alueellinen- eriytyminen-kaksi-lahestymistapaa- segregaation-seurantaan\">https:\/\/www.kvartti.fi\/fi\/artikkelit\/helsingin-alueellinen- eriytyminen-kaksi-lahestymistapaa- segregaation-seurantaan<\/a><\/p>\n","protected":false},"excerpt":{"rendered":"<p>Perjantaina 9.30-11.00 Esitykset: Satu Parjanen: Asukasl\u00e4ht\u00f6isen suunnittelutiedon tuottaminen ja hy\u00f6dynt\u00e4minen l\u00e4hi\u00f6iden kehitt\u00e4misess\u00e4 \u2013 teoreettinen viitekehys Pauliina Lehtonen &amp; Sanna Tuurnas: Tiedon yhteistuottamista l\u00e4hi\u00f6ss\u00e4: Kokemuksia osallistuvasta budjetoinnista ja l\u00e4hi\u00f6n yhteis-suunnittelusta Tuomas Honkaniemi &amp; Ilkka Luoto: Sosiaalisen p\u00e4\u00e4oman verkostot asuinalueiden kehitt\u00e4misen reunaehtoina Johanna Kalliokoski ja Sofi Perikangas: Community Urban Planning Labit (CUPL) asukasosallistumisen ja innovaatioiden l\u00e4hteen\u00e4 asuinalueiden [&hellip;]<\/p>\n","protected":false},"author":64,"featured_media":0,"parent":134,"menu_order":0,"comment_status":"closed","ping_status":"closed","template":"","meta":{"_acf_changed":false,"footnotes":""},"class_list":["post-230","page","type-page","status-publish","hentry"],"acf":[],"lang":"fi","translations":{"fi":230},"pll_sync_post":[],"_links":{"self":[{"href":"https:\/\/sites.uwasa.fi\/hktp2020\/wp-json\/wp\/v2\/pages\/230"}],"collection":[{"href":"https:\/\/sites.uwasa.fi\/hktp2020\/wp-json\/wp\/v2\/pages"}],"about":[{"href":"https:\/\/sites.uwasa.fi\/hktp2020\/wp-json\/wp\/v2\/types\/page"}],"author":[{"embeddable":true,"href":"https:\/\/sites.uwasa.fi\/hktp2020\/wp-json\/wp\/v2\/users\/64"}],"replies":[{"embeddable":true,"href":"https:\/\/sites.uwasa.fi\/hktp2020\/wp-json\/wp\/v2\/comments?post=230"}],"version-history":[{"count":18,"href":"https:\/\/sites.uwasa.fi\/hktp2020\/wp-json\/wp\/v2\/pages\/230\/revisions"}],"predecessor-version":[{"id":616,"href":"https:\/\/sites.uwasa.fi\/hktp2020\/wp-json\/wp\/v2\/pages\/230\/revisions\/616"}],"up":[{"embeddable":true,"href":"https:\/\/sites.uwasa.fi\/hktp2020\/wp-json\/wp\/v2\/pages\/134"}],"wp:attachment":[{"href":"https:\/\/sites.uwasa.fi\/hktp2020\/wp-json\/wp\/v2\/media?parent=230"}],"curies":[{"name":"wp","href":"https:\/\/api.w.org\/{rel}","templated":true}]}}