{"id":221,"date":"2020-09-09T15:26:19","date_gmt":"2020-09-09T12:26:19","guid":{"rendered":"https:\/\/sites.uwasa.fi\/hktp2020\/?page_id=221"},"modified":"2020-11-10T09:08:00","modified_gmt":"2020-11-10T07:08:00","slug":"3-hallinta-ja-johtaminen-2020-luvun-kaupunkitutkimuksessa-missa-mennaan","status":"publish","type":"page","link":"https:\/\/sites.uwasa.fi\/hktp2020\/tyoryhmat\/3-hallinta-ja-johtaminen-2020-luvun-kaupunkitutkimuksessa-missa-mennaan\/","title":{"rendered":"6. Hallinta ja johtaminen 2020-luvun kaupunkitutkimuksessa: miss\u00e4 menn\u00e4\u00e4n?"},"content":{"rendered":"<p><strong>Perjantaina 9.30-11.00<\/strong><\/p>\n<p>Esitykset:<\/p>\n<ol>\n<li><strong>Johanna Tuomisaari, Pia B\u00e4cklund &amp; Tomas Hanell<\/strong>: Kaupunkiseutujen ja valtion v\u00e4liset maank\u00e4yt\u00f6n, asumisen ja liikenteen sopimukset \u2013 itsehallinnon \u201dj\u00e4rkev\u00e4\u00e4 delegointia\u201d vai p\u00e4\u00e4t\u00f6ksenteon \u201dpyh\u00e4 liturgia ilman perusteluja\u201d?<\/li>\n<li><strong>Ilari Karppi &amp; Iina Sankala:<\/strong> Kohti kest\u00e4v\u00e4sti turvallista tapahtumakaupunkia: skenaarioista suunnittelun suuntaviivoihin<\/li>\n<li><strong>Raine M\u00e4ntysalo<\/strong>: Making strategic city planning work: Grasping the moment of opportunity in the critical juncture of the governance of Lahti<\/li>\n<li><strong>Helka Kalliom\u00e4ki, P\u00e4ivi Oinas &amp; Teemu Salo:<\/strong> Innovation districts as strategic urban projects: The emergence of strategic spatial planning for urban innovation in Turku Science Park<\/li>\n<\/ol>\n<p>&nbsp;<\/p>\n<p><a href=\"https:\/\/sites.uwasa.fi\/hktp2020\/wp-content\/blogs.dir\/4\/files\/sites\/92\/2020\/11\/Abstraktikirja_paivitetty-10.11.2020.pdf#page=31\" target=\"_blank\" rel=\"noopener noreferrer\">Linkki ty\u00f6ryhm\u00e4n abstrakteihin (p\u00e4ivitetty 10.11.2020)<\/a><\/p>\n<p>&nbsp;<\/p>\n<p>Kaupunkikehitt\u00e4minen on muuttunut 2000-luvulla alati strategisemmaksi ja ilmi\u00f6l\u00e4ht\u00f6isemm\u00e4ksi, saattaen pitk\u00e4\u00e4n erill\u00e4\u00e4n toimineita hallinnon siiloja ja toimijaryhmi\u00e4 samojen p\u00f6ytien \u00e4\u00e4reen. T\u00e4h\u00e4n muutokseen on ajanut kaupunkien kiristynyt kilpailu globaalissa taloudessa sek\u00e4 vaatimus vastata monimutkaisiin yhteiskunnallisiin haasteisiin muuttuvassa ja monia toimijoita sis\u00e4lt\u00e4v\u00e4ss\u00e4 toimintaymp\u00e4rist\u00f6ss\u00e4. Strategisemman kehitt\u00e4misotteen tuoma muutos konkretisoituu eri tavoin kaupunkien johtamisj\u00e4rjestelmiss\u00e4 ja fyysisess\u00e4 ymp\u00e4rist\u00f6ss\u00e4. Etenkin suurissa kaupungeissa kaupunkikehitt\u00e4mist\u00e4 johdetaan yh\u00e4 selke\u00e4mmin poikkileikkaavien teemaohjelmien ja k\u00e4rkihankkeiden kautta, jolloin tasapainoillaan v\u00e4liaikaisten ja institutionaalisesti ep\u00e4selvien ohjelmien ja hankkeiden sek\u00e4 vakiintuneempien rakenteiden ja j\u00e4rjestelmien v\u00e4limaastossa. N\u00e4ihin ohjelmiin ja hankkeisiin usein my\u00f6s sis\u00e4ltyy erilaisia osallistamisprosesseja sek\u00e4 kumppanuuksia, sopimusmenettelyj\u00e4 tai yhti\u00f6j\u00e4rjestelyj\u00e4 ohjelmien ja niiden toteutuksen kannalta keskeisten muiden toimijoiden kanssa. Strategisessa kaupunkikehitt\u00e4misess\u00e4 on kaiken kaikkiaan kyse laajemmasta johtajuuden muutoksesta, jossa uudet ja perinteiset johtamismallit sek\u00e4 hallinnan rakenteet ovat my\u00f6s osittain t\u00f6rm\u00e4yskurssilla.<\/p>\n<p>Ty\u00f6ryhm\u00e4ss\u00e4 k\u00e4yd\u00e4\u00e4n monitieteist\u00e4 keskustelua kaupunkitutkimuksen uusista tuulista kaupunkien hallintaan ja johtamiseen liittyen. Sessiossa pohditaan, mit\u00e4 2020-luku tuo tullessaan kaupunkikehitt\u00e4misen hallintaan ja johtamiseen yh\u00e4 monimutkaisemmassa ja -ulotteisemmassa toimintaymp\u00e4rist\u00f6ss\u00e4. Niin k\u00e4sitteelliset kuin empiiriset tarkastelut ovat tervetulleita. Keskustelemaan toivotaan paitsi tutkimuksen tekij\u00f6it\u00e4 my\u00f6s tutkimustiedon hy\u00f6dynt\u00e4ji\u00e4 eri organisaatioista, sektoreilta ja hallinnon tasoilta.<\/p>\n<p><strong>Ty\u00f6ryhm\u00e4n vet\u00e4j\u00e4t:<\/strong><\/p>\n<p>Helka Kalliom\u00e4ki, Vaasan yliopisto <a href=\"mailto:helka.kalliomaki@univaasa.fi\">helka.kalliomaki@univaasa.fi<\/a><br \/>\nRaine M\u00e4ntysalo, Aalto-yliopisto <a href=\"mailto:raine.mantysalo@aalto.fi\">raine.mantysalo@aalto.fi<\/a><\/p>\n","protected":false},"excerpt":{"rendered":"<p>Perjantaina 9.30-11.00 Esitykset: Johanna Tuomisaari, Pia B\u00e4cklund &amp; Tomas Hanell: Kaupunkiseutujen ja valtion v\u00e4liset maank\u00e4yt\u00f6n, asumisen ja liikenteen sopimukset \u2013 itsehallinnon \u201dj\u00e4rkev\u00e4\u00e4 delegointia\u201d vai p\u00e4\u00e4t\u00f6ksenteon \u201dpyh\u00e4 liturgia ilman perusteluja\u201d? Ilari Karppi &amp; Iina Sankala: Kohti kest\u00e4v\u00e4sti turvallista tapahtumakaupunkia: skenaarioista suunnittelun suuntaviivoihin Raine M\u00e4ntysalo: Making strategic city planning work: Grasping the moment of opportunity in the [&hellip;]<\/p>\n","protected":false},"author":64,"featured_media":0,"parent":134,"menu_order":0,"comment_status":"closed","ping_status":"closed","template":"","meta":{"_acf_changed":false,"footnotes":""},"class_list":["post-221","page","type-page","status-publish","hentry"],"acf":[],"lang":"fi","translations":{"fi":221},"pll_sync_post":[],"_links":{"self":[{"href":"https:\/\/sites.uwasa.fi\/hktp2020\/wp-json\/wp\/v2\/pages\/221"}],"collection":[{"href":"https:\/\/sites.uwasa.fi\/hktp2020\/wp-json\/wp\/v2\/pages"}],"about":[{"href":"https:\/\/sites.uwasa.fi\/hktp2020\/wp-json\/wp\/v2\/types\/page"}],"author":[{"embeddable":true,"href":"https:\/\/sites.uwasa.fi\/hktp2020\/wp-json\/wp\/v2\/users\/64"}],"replies":[{"embeddable":true,"href":"https:\/\/sites.uwasa.fi\/hktp2020\/wp-json\/wp\/v2\/comments?post=221"}],"version-history":[{"count":15,"href":"https:\/\/sites.uwasa.fi\/hktp2020\/wp-json\/wp\/v2\/pages\/221\/revisions"}],"predecessor-version":[{"id":615,"href":"https:\/\/sites.uwasa.fi\/hktp2020\/wp-json\/wp\/v2\/pages\/221\/revisions\/615"}],"up":[{"embeddable":true,"href":"https:\/\/sites.uwasa.fi\/hktp2020\/wp-json\/wp\/v2\/pages\/134"}],"wp:attachment":[{"href":"https:\/\/sites.uwasa.fi\/hktp2020\/wp-json\/wp\/v2\/media?parent=221"}],"curies":[{"name":"wp","href":"https:\/\/api.w.org\/{rel}","templated":true}]}}