{"id":2,"date":"2023-02-10T15:33:25","date_gmt":"2023-02-10T13:33:25","guid":{"rendered":"https:\/\/sites.uwasa.fi\/fokukseen\/?page_id=2"},"modified":"2023-05-02T13:43:56","modified_gmt":"2023-05-02T10:43:56","slug":"esimerkkisivu","status":"publish","type":"page","link":"https:\/\/sites.uwasa.fi\/fokukseen\/","title":{"rendered":""},"content":{"rendered":"<h2>\u00a0<img loading=\"lazy\" decoding=\"async\" class=\"alignnone wp-image-17\" src=\"https:\/\/sites.uwasa.fi\/fokukseen\/wp-content\/blogs.dir\/4\/files\/sites\/175\/2023\/03\/fokus-logo.jpg\" alt=\"\" width=\"261\" height=\"121\" \/><\/h2>\n<h2><\/h2>\n<h2><strong>Tervetuloa Fokus ty\u00f6hyvinvoinnin johtamiseen -hankkeen seminaariin!<\/strong><\/h2>\n<p>Seminaari j\u00e4rjestet\u00e4\u00e4n Vaasan yliopistolla keskiviikkona 10.5.2023 klo 12-15 tilassa F119 Fabriikki-rakennuksessa. Lis\u00e4tietoja saapumisesta, kampuksen kartasta ja pys\u00e4k\u00f6innist\u00e4 saat <a href=\"https:\/\/www.uwasa.fi\/fi\/yliopisto\/tervetuloa\">t\u00e4\u00e4lt\u00e4<\/a>.<\/p>\n<p>Ohjelmassa on luvassa ty\u00f6hyvinvoinnin johtamisen esimerkkej\u00e4 yrityksist\u00e4 sek\u00e4 ty\u00f6hyvinvoinnin johtamisen arviointiin k\u00e4ytett\u00e4v\u00e4n ty\u00f6kalun esittely\u00e4.<\/p>\n<p><a href=\"https:\/\/link.webropolsurveys.com\/S\/F35E42316A65161A\">Voit ilmoittautua seminaariin t\u00e4st\u00e4!<\/a><\/p>\n<p>&nbsp;<\/p>\n<p><strong>OHJELMA<\/strong><\/p>\n<p>Ilmoittautuminen klo 11.30-12.00.<\/p>\n<p><span data-contrast=\"auto\">Tervetulosanat (klo 12)<\/span><\/p>\n<p><span data-contrast=\"auto\">Mit\u00e4 ty\u00f6hyvinvoinnin johtaminen on &#8211; tai voisi olla?<\/span><\/p>\n<p><span data-contrast=\"auto\">Case: Kasvuyritys \u2013\u00a0 Miten ty\u00f6hyvinvointi johdetaan arvoilla\u00a0 ja hyv\u00e4ll\u00e4\u00a0\u00a0johtamisella? <\/span><span data-contrast=\"auto\">Toimitusjohtaja Janne Haapam\u00e4ki \/ VV-Kuivaus<\/span><\/p>\n<p><span data-contrast=\"auto\">Case: Ty\u00f6hvyinvoinnin johtamisen kehittyneet k\u00e4yt\u00e4nn\u00f6t.\u00a0<\/span><span data-contrast=\"auto\">Henkil\u00f6st\u00f6johtaja Annika Tuovinen \/ Ilkka Oyj<\/span><\/p>\n<p><span data-contrast=\"auto\">Hankkeessa syntyneiden a<\/span><span data-contrast=\"auto\">rviointity\u00f6kalujen esittely<\/span><\/p>\n<p><span data-contrast=\"auto\">Verkostoitumista ja pient\u00e4 purtavaa<\/span><\/p>\n<p>&nbsp;<\/p>\n<p>Tapahtuma on maksuton. Pid\u00e4t\u00e4mme oikeudet muutoksiin.<\/p>\n<p>Voit tutustua hankkeen sis\u00e4lt\u00f6\u00f6n tarkemmin hankkeen sivuilla <a href=\"http:\/\/fokukseen.fi\">fokukseen.fi<\/a>.<\/p>\n<p>&nbsp;<\/p>\n<p>Lis\u00e4tietoja hankkeen Vaasan yliopiston toteuttajilta: <a href=\"https:\/\/www.uwasa.fi\/fi\/henkilo\/1041764\">Riitta Viitala<\/a>, <a href=\"https:\/\/www.uwasa.fi\/fi\/henkilo\/2047764\">Jari Lehtineva<\/a>, <a href=\"https:\/\/www.uwasa.fi\/fi\/henkilo\/2541712\">Katja Ekman<\/a>, <a href=\"https:\/\/www.uwasa.fi\/fi\/henkilo\/2134567\">Tiina Leino<\/a> ja <a href=\"https:\/\/www.uwasa.fi\/fi\/henkilo\/1041531\">Susanna Kultalahti<\/a>.<\/p>\n<p>&nbsp;<\/p>\n<p>Hankkeen rahoittaja on Euroopan sosiaalirahasto.<\/p>\n<h2><img loading=\"lazy\" decoding=\"async\" class=\"alignnone size-full wp-image-16\" style=\"font-size: 16px\" src=\"https:\/\/sites.uwasa.fi\/fokukseen\/wp-content\/blogs.dir\/4\/files\/sites\/175\/2023\/03\/esr.jpg\" alt=\"\" width=\"209\" height=\"93\" \/><\/h2>\n<p>Yhteisty\u00f6ss\u00e4:<\/p>\n<p><a href=\"https:\/\/etela-pohjanmaankauppakamari.fi\/\">Etel\u00e4-Pohjanmaan Kauppakamari<\/a><\/p>\n<p><a href=\"https:\/\/www.henry.fi\/\">HENRY ry<\/a><\/p>\n<p><a href=\"https:\/\/pohjanmaa.hallituspartnerit.fi\/\">Pohjanmaan Hallituspartnerit<\/a><\/p>\n<p><a href=\"https:\/\/www.ostro.chamber.fi\/\">Pohjanmaan Kauppakamari<\/a><\/p>\n<p><a href=\"https:\/\/www.yrittajat.fi\/aluejarjestot\/rannikko-pohjanmaan-yrittajat\/\">Rannikko-Pohjanmaan Yritt\u00e4j\u00e4t<\/a><\/p>\n<p><a href=\"https:\/\/www.uvaasaexed.fi\/\">Vaasan yliopiston Executive Education<\/a><\/p>\n","protected":false},"excerpt":{"rendered":"<p>\u00a0 Tervetuloa Fokus ty\u00f6hyvinvoinnin johtamiseen -hankkeen seminaariin! Seminaari j\u00e4rjestet\u00e4\u00e4n Vaasan yliopistolla keskiviikkona 10.5.2023 klo 12-15 tilassa F119 Fabriikki-rakennuksessa. Lis\u00e4tietoja saapumisesta, kampuksen kartasta ja pys\u00e4k\u00f6innist\u00e4 saat t\u00e4\u00e4lt\u00e4. Ohjelmassa on luvassa ty\u00f6hyvinvoinnin johtamisen esimerkkej\u00e4 yrityksist\u00e4 sek\u00e4 ty\u00f6hyvinvoinnin johtamisen arviointiin k\u00e4ytett\u00e4v\u00e4n ty\u00f6kalun esittely\u00e4. Voit ilmoittautua seminaariin t\u00e4st\u00e4! &nbsp; OHJELMA Ilmoittautuminen klo 11.30-12.00. Tervetulosanat (klo 12) Mit\u00e4 ty\u00f6hyvinvoinnin johtaminen [&hellip;]<\/p>\n","protected":false},"author":485,"featured_media":0,"parent":0,"menu_order":0,"comment_status":"closed","ping_status":"open","template":"","meta":{"_acf_changed":false,"footnotes":""},"class_list":["post-2","page","type-page","status-publish","hentry"],"acf":[],"_links":{"self":[{"href":"https:\/\/sites.uwasa.fi\/fokukseen\/wp-json\/wp\/v2\/pages\/2"}],"collection":[{"href":"https:\/\/sites.uwasa.fi\/fokukseen\/wp-json\/wp\/v2\/pages"}],"about":[{"href":"https:\/\/sites.uwasa.fi\/fokukseen\/wp-json\/wp\/v2\/types\/page"}],"author":[{"embeddable":true,"href":"https:\/\/sites.uwasa.fi\/fokukseen\/wp-json\/wp\/v2\/users\/485"}],"replies":[{"embeddable":true,"href":"https:\/\/sites.uwasa.fi\/fokukseen\/wp-json\/wp\/v2\/comments?post=2"}],"version-history":[{"count":16,"href":"https:\/\/sites.uwasa.fi\/fokukseen\/wp-json\/wp\/v2\/pages\/2\/revisions"}],"predecessor-version":[{"id":23,"href":"https:\/\/sites.uwasa.fi\/fokukseen\/wp-json\/wp\/v2\/pages\/2\/revisions\/23"}],"wp:attachment":[{"href":"https:\/\/sites.uwasa.fi\/fokukseen\/wp-json\/wp\/v2\/media?parent=2"}],"curies":[{"name":"wp","href":"https:\/\/api.w.org\/{rel}","templated":true}]}}