{"id":34,"date":"2024-03-13T08:54:53","date_gmt":"2024-03-13T06:54:53","guid":{"rendered":"https:\/\/sites.uwasa.fi\/digipaikka2\/?page_id=34"},"modified":"2024-03-26T13:06:58","modified_gmt":"2024-03-26T11:06:58","slug":"selvityksia-ja-rapotteja","status":"publish","type":"page","link":"https:\/\/sites.uwasa.fi\/digipaikka2\/selvityksia-ja-rapotteja\/","title":{"rendered":"Selvityksi\u00e4 ja raportteja"},"content":{"rendered":"<h2>Selvityksi\u00e4 ja raportteja<\/h2>\n<p>DigiPaikka-hankkeessa kartoitetaan ja tunnistetaan organisaatioiden valmiutta digitaalisten ty\u00f6skentelymuotojen hy\u00f6dynt\u00e4misess\u00e4 sek\u00e4 siihen liittyvi\u00e4 keskeisi\u00e4 ongelmakohtia. Lis\u00e4ksi hanke tuottaa tietoa siit\u00e4, miten paikkariippumaton ty\u00f6 ja digitaaliset ty\u00f6v\u00e4lineet sek\u00e4 n\u00e4iden toteutustavat vaikuttavat muun muassa ty\u00f6ntekij\u00f6iden asenteisiin, ty\u00f6hyvinvointiin ja ty\u00f6suoriutumiseen. Hanke edist\u00e4\u00e4 ymm\u00e4rryst\u00e4 siit\u00e4, millaisilla toimenpiteill\u00e4 voidaan tukea digitaalisten ty\u00f6kalujen ja paikkariippumattoman ty\u00f6skentelyn kokonaisvaltaista hy\u00f6dynt\u00e4mist\u00e4 organisaatioissa.<\/p>\n<p>Hanke tuottaa selvityksi\u00e4 ja raportteja seuraavista teemoista:<\/p>\n<ul>\n<li>Organisaatioiden valmius ja keskeiset ongelmakohdat paikkariippumattoman ty\u00f6n ja digitaalisten ty\u00f6skentelymuotojen hy\u00f6dynt\u00e4misess\u00e4.<br \/>\nOrganisaatioiden digiarkkitehtuurin vaikutukset ty\u00f6tehoon ja digikuormitukseen.<br \/>\nPaikkariippumattoman ty\u00f6n ja digitaalisten ty\u00f6v\u00e4lineiden vaikutukset ty\u00f6ntekij\u00f6iden asenteisiin, ty\u00f6hyvinvointiin ja ty\u00f6suoriutumiseen.<br \/>\nDigity\u00f6kalukokeilut organisaatioissa \u2013 k\u00e4yt\u00e4nn\u00f6n kokemuksia ja vaikutuksia paikkariippumattomaan ty\u00f6skentelyyn, et\u00e4vuorovaikutukseen ja ty\u00f6hyvinvointiin.<\/li>\n<\/ul>\n<p>&nbsp;<\/p>\n","protected":false},"excerpt":{"rendered":"<p>Selvityksi\u00e4 ja raportteja DigiPaikka-hankkeessa kartoitetaan ja tunnistetaan organisaatioiden valmiutta digitaalisten ty\u00f6skentelymuotojen hy\u00f6dynt\u00e4misess\u00e4 sek\u00e4 siihen liittyvi\u00e4 keskeisi\u00e4 ongelmakohtia. Lis\u00e4ksi hanke tuottaa tietoa siit\u00e4, miten paikkariippumaton ty\u00f6 ja digitaaliset ty\u00f6v\u00e4lineet sek\u00e4 n\u00e4iden toteutustavat vaikuttavat muun muassa ty\u00f6ntekij\u00f6iden asenteisiin, ty\u00f6hyvinvointiin ja ty\u00f6suoriutumiseen. Hanke edist\u00e4\u00e4 ymm\u00e4rryst\u00e4 siit\u00e4, millaisilla toimenpiteill\u00e4 voidaan tukea digitaalisten ty\u00f6kalujen ja paikkariippumattoman ty\u00f6skentelyn kokonaisvaltaista hy\u00f6dynt\u00e4mist\u00e4 organisaatioissa. [&hellip;]<\/p>\n","protected":false},"author":533,"featured_media":0,"parent":0,"menu_order":0,"comment_status":"closed","ping_status":"closed","template":"","meta":{"_acf_changed":false,"footnotes":""},"class_list":["post-34","page","type-page","status-publish","hentry"],"acf":[],"_links":{"self":[{"href":"https:\/\/sites.uwasa.fi\/digipaikka2\/wp-json\/wp\/v2\/pages\/34"}],"collection":[{"href":"https:\/\/sites.uwasa.fi\/digipaikka2\/wp-json\/wp\/v2\/pages"}],"about":[{"href":"https:\/\/sites.uwasa.fi\/digipaikka2\/wp-json\/wp\/v2\/types\/page"}],"author":[{"embeddable":true,"href":"https:\/\/sites.uwasa.fi\/digipaikka2\/wp-json\/wp\/v2\/users\/533"}],"replies":[{"embeddable":true,"href":"https:\/\/sites.uwasa.fi\/digipaikka2\/wp-json\/wp\/v2\/comments?post=34"}],"version-history":[{"count":4,"href":"https:\/\/sites.uwasa.fi\/digipaikka2\/wp-json\/wp\/v2\/pages\/34\/revisions"}],"predecessor-version":[{"id":50,"href":"https:\/\/sites.uwasa.fi\/digipaikka2\/wp-json\/wp\/v2\/pages\/34\/revisions\/50"}],"wp:attachment":[{"href":"https:\/\/sites.uwasa.fi\/digipaikka2\/wp-json\/wp\/v2\/media?parent=34"}],"curies":[{"name":"wp","href":"https:\/\/api.w.org\/{rel}","templated":true}]}}