{"id":431,"date":"2025-01-15T12:37:39","date_gmt":"2025-01-15T10:37:39","guid":{"rendered":"https:\/\/sites.uwasa.fi\/digibiogashubs\/?page_id=431"},"modified":"2025-10-03T11:24:16","modified_gmt":"2025-10-03T08:24:16","slug":"etela-pohjanmaa-hub","status":"publish","type":"page","link":"https:\/\/sites.uwasa.fi\/digibiogashubs\/fi\/etela-pohjanmaa-hub\/","title":{"rendered":"ETEL\u00c4-POHJANMAA HUB"},"content":{"rendered":"<p><img loading=\"lazy\" decoding=\"async\" class=\"alignleft size-full wp-image-389\" src=\"https:\/\/sites.uwasa.fi\/digibiogashubs\/wp-content\/blogs.dir\/4\/files\/sites\/204\/2024\/11\/dbh-line2.png\" alt=\"Green line\" width=\"2048\" height=\"8\" srcset=\"https:\/\/sites.uwasa.fi\/digibiogashubs\/wp-content\/blogs.dir\/4\/files\/sites\/204\/2024\/11\/dbh-line2.png 2048w, https:\/\/sites.uwasa.fi\/digibiogashubs\/wp-content\/blogs.dir\/4\/files\/sites\/204\/2024\/11\/dbh-line2-300x1.png 300w, https:\/\/sites.uwasa.fi\/digibiogashubs\/wp-content\/blogs.dir\/4\/files\/sites\/204\/2024\/11\/dbh-line2-1024x4.png 1024w, https:\/\/sites.uwasa.fi\/digibiogashubs\/wp-content\/blogs.dir\/4\/files\/sites\/204\/2024\/11\/dbh-line2-768x3.png 768w, https:\/\/sites.uwasa.fi\/digibiogashubs\/wp-content\/blogs.dir\/4\/files\/sites\/204\/2024\/11\/dbh-line2-1536x6.png 1536w, https:\/\/sites.uwasa.fi\/digibiogashubs\/wp-content\/blogs.dir\/4\/files\/sites\/204\/2024\/11\/dbh-line2-1680x8.png 1680w, https:\/\/sites.uwasa.fi\/digibiogashubs\/wp-content\/blogs.dir\/4\/files\/sites\/204\/2024\/11\/dbh-line2-1920x8.png 1920w\" sizes=\"(max-width: 2048px) 100vw, 2048px\" \/><\/p>\n<figure id=\"attachment_528\" aria-describedby=\"caption-attachment-528\" style=\"width: 450px\" class=\"wp-caption alignright\"><img loading=\"lazy\" decoding=\"async\" class=\"wp-image-528\" src=\"https:\/\/sites.uwasa.fi\/digibiogashubs\/wp-content\/blogs.dir\/4\/files\/sites\/204\/2025\/01\/dbh-southostrobothnia.png\" alt=\"Map of South Ostrobothnia\" width=\"450\" height=\"450\" srcset=\"https:\/\/sites.uwasa.fi\/digibiogashubs\/wp-content\/blogs.dir\/4\/files\/sites\/204\/2025\/01\/dbh-southostrobothnia.png 1778w, https:\/\/sites.uwasa.fi\/digibiogashubs\/wp-content\/blogs.dir\/4\/files\/sites\/204\/2025\/01\/dbh-southostrobothnia-300x300.png 300w, https:\/\/sites.uwasa.fi\/digibiogashubs\/wp-content\/blogs.dir\/4\/files\/sites\/204\/2025\/01\/dbh-southostrobothnia-1024x1024.png 1024w, https:\/\/sites.uwasa.fi\/digibiogashubs\/wp-content\/blogs.dir\/4\/files\/sites\/204\/2025\/01\/dbh-southostrobothnia-150x150.png 150w, https:\/\/sites.uwasa.fi\/digibiogashubs\/wp-content\/blogs.dir\/4\/files\/sites\/204\/2025\/01\/dbh-southostrobothnia-768x768.png 768w, https:\/\/sites.uwasa.fi\/digibiogashubs\/wp-content\/blogs.dir\/4\/files\/sites\/204\/2025\/01\/dbh-southostrobothnia-1536x1536.png 1536w\" sizes=\"(max-width: 450px) 100vw, 450px\" \/><figcaption id=\"caption-attachment-528\" class=\"wp-caption-text\">Kartalla ympyr\u00e4t kuvaavat kaikkein potentiaalisimpia alueita biokaasulaitosten perustamiselle Etel\u00e4-Pohjanmaalla, kun tarkastellaan maatiloilla syntyv\u00e4n lannan m\u00e4\u00e4r\u00e4\u00e4 (Laasasenaho ym. k\u00e4sikirjoitus, 2024). Oranssilla merkitty suunnitteilla\/valmisteilla olevat laitokset, vaaleanvihre\u00e4t kuvakkeet symboloivat olemassa olevia laitoksia. Kuvakkeet suuntaa antavia.<\/figcaption><\/figure>\n<h3><\/h3>\n<h3><strong>CBG ja LBG, ruokaj\u00e4rjestelm\u00e4\u00e4n perustuva hub<\/strong><\/h3>\n<p>Etel\u00e4-Pohjanmaan biokaasuhubissa merkitt\u00e4vin biokaasun k\u00e4ytt\u00f6potentiaali liittyy alkutuotantoon ja ruokaketjuun, kuten isoihin maatiloihin sek\u00e4 elintarviketeollisuuteen. Nurmon Bioenergian biokaasulaitos tuo maakuntaan suuren mittakaavan nesteytetyn biokaasun (LBG) tuotantolaitoksen. My\u00f6s Kurikkaan on suunnitteilla alueellinen biokaasuekosysteemi, joka perustuisi isoihin nauta- ja sikatiloihin. Lakeuden Etapin biokaasulaitoksessa Ilmajoella tuotetaan biokaasua ja maanparannusraetta bioj\u00e4tteest\u00e4 ja j\u00e4tevedenpuhdistamolietteest\u00e4. Lis\u00e4ksi Etel\u00e4-Pohjanmaalla on yksitt\u00e4isi\u00e4 maatalousyrityksi\u00e4, joilla on biokaasutuotantoa omaan k\u00e4ytt\u00f6\u00f6n, esimerkiksi Vimpeliss\u00e4, Karijoella ja Kurikassa. Alueen maatalousyrityksill\u00e4 onkin merkitt\u00e4v\u00e4 asema biokaasun myynniss\u00e4 ja tuotannossa, sill\u00e4 niiss\u00e4 syntyy merkitt\u00e4vin m\u00e4\u00e4r\u00e4 tuotantoon soveltuvista biomassoista.<\/p>\n<p>Avainasemassa olevia toimijoita ovat alueen nauta- ja sikatilojen lis\u00e4ksi raskaan liikenteen yritykset, sill\u00e4 merkitt\u00e4vin k\u00e4ytt\u00e4j\u00e4potentiaali biokaasulle on raskas liikenne. Muita potentiaalisia biokaasun k\u00e4ytt\u00e4ji\u00e4 ovat maakunnan teollisuuslaitokset elintarviketeollisuus edell\u00e4k\u00e4vij\u00e4n\u00e4 Nurmon Bioenergian esimerkin mukaan. My\u00f6s l\u00e4mp\u00f6energian tuotannossa kaukol\u00e4mm\u00f6ss\u00e4 on mahdollisuuksia.<\/p>\n<p>&nbsp;<\/p>\n<p><strong>Alueen keskeiset p\u00e4\u00e4v\u00e4yl\u00e4t biokaasupotentiaalin osalta ovat:<\/strong><\/p>\n<ul>\n<li>valtatie 16, joka kulkee maakunnan alueella Ylistarosta Lapualle ja sielt\u00e4 edelleen Alaj\u00e4rvelle<\/li>\n<li>valtatie 19 Kurikan Jalasj\u00e4rvelt\u00e4 Sein\u00e4joen, Lapuan ja Kauhavan\u00a0kautta kulkeva tie<\/li>\n<li>valtatie 18, joka johtaa \u00c4ht\u00e4rin, Alavuden, Sein\u00e4joen\u00a0kautta Isoakyr\u00f6\u00e4 kohti<\/li>\n<li>valtatie 3 Kurikan Jalasj\u00e4rven kautta kohti Vaasaa<\/li>\n<li>kantatie 66, joka kulkee Alavuden kautta Lapualle<\/li>\n<li>kantatie 67 Ilmajoelta Sein\u00e4joelle<\/li>\n<\/ul>\n<p>&nbsp;<\/p>\n<p><strong>Alueellinen yhteisty\u00f6 mahdollistaa biokaasuliiketoiminnan kasvun<\/strong><\/p>\n<p>Biokaasun laajamittaisempi hy\u00f6dynt\u00e4minen vaatii tarpeeksi ison sy\u00f6tepotentiaalin lietelantaa, kuivaa lantaa sek\u00e4 erilaisia peltoviljelyn m\u00e4d\u00e4tyskelpoisia sivuvirtatuotteita, kuten olkea, erilaisia nurmia ja perunanvarsia, jotka sijaitsevat riitt\u00e4v\u00e4n et\u00e4isyyden p\u00e4\u00e4st\u00e4 potentiaalisesta laitoksesta. \u200b<\/p>\n<p>Biokaasun tuotannon kasvattamiseksi tarvitaan yhteisty\u00f6t\u00e4 alueen yritysten ja potentiaalisten biokaasun tuottajien v\u00e4lill\u00e4.\u200b Yrityksilt\u00e4 vaaditaan my\u00f6s tahtotilaa panostaa ja investoida biokaasuun esimerkiksi rekkaliikenteess\u00e4. My\u00f6s biokaasulaitosten toisen lopputuotteen, m\u00e4d\u00e4tysj\u00e4\u00e4nn\u00f6ksen eli rejektin kierr\u00e4tys pelloille takaisin ruoantuotannon lannoitteeksi pit\u00e4\u00e4 ratkaista. Rejekti on muun muassa liukoisen typen ansioista erinomainen lannoite kasvinviljelyyn.<\/p>\n<p>Uusien laitosinvestointien kohdalla haasteita aiheuttavat rahoituspohjan l\u00f6ytyminen ja omistusj\u00e4rjestelyiden toimivuus. Maakunnan alueilla olisi potentiaalia tuottaa biokaasua maatilojen yhteisbiokaasulaitosten (CBG\/LBG) n\u00e4k\u00f6kulmasta. Jokaisen tilan ei ole kannattavaa investoida omaan laitokseen, siksi yhteiset laitokset muutaman keskisuuren ja suuren maatilan kesken voisivat toimia kannustimena investoinnille kaasuliiketoimintaan. Rakennemuutoksen my\u00f6t\u00e4 useammalle tilalle on kannattavaa tuottaa biokaasua ja myyd\u00e4 se alueen toimijoille. Kaasun ulosmyynti jalostettuna maatalousyrityksest\u00e4 on kuitenkin eritt\u00e4in p\u00e4\u00e4omavaltaista ja tuotot myyt\u00e4v\u00e4st\u00e4 kaasusta suhteellisen pieni\u00e4.<\/p>\n<p>&nbsp;<\/p>\n<h4><\/h4>\n<h4><strong>Hubiin liittyv\u00e4t julkaisut<\/strong><\/h4>\n<p><a href=\"https:\/\/sites.uwasa.fi\/digibiogashubs\/wp-content\/blogs.dir\/4\/files\/sites\/204\/2025\/10\/Biokaasun-tuotanto-ja-kayttopotentiaalin-selvitys-seka-biokaasun-tuotannon-ja-kayton-paastojen-ja-maatalouden-ravinnetalouden-arviointia.pdf\" target=\"_blank\" rel=\"noopener\">TP2 Biokaasun tuotanto- ja k\u00e4ytt\u00f6potentiaalin selvitys sek\u00e4 biokaasun tuotannon ja k\u00e4yt\u00f6n p\u00e4\u00e4st\u00f6laskenta \u2013 Etel\u00e4-Pohjanmaan maakunta<\/a> (<em>Raportti p\u00e4ivitetty lokakuussa 2025)<\/em><\/p>\n<p><a href=\"https:\/\/sites.uwasa.fi\/digibiogashubs\/wp-content\/blogs.dir\/4\/files\/sites\/204\/2025\/01\/DBH_Biokaasun-ja-CBGn-tuotannon-teknis-taloudellinen-raportti_E-P.pdf\" target=\"_blank\" rel=\"noopener\">TP2 Biokaasun ja CBG:n tuotannon teknistaloudellinen analyysi \u2013 maatilamittakaavan sek\u00e4 keskisuuren yhteism\u00e4d\u00e4tt\u00e4m\u00f6n mallinnus &#8211; Etel\u00e4-Pohjanmaan maakunta<\/a><\/p>\n","protected":false},"excerpt":{"rendered":"<p>CBG ja LBG, ruokaj\u00e4rjestelm\u00e4\u00e4n perustuva hub Etel\u00e4-Pohjanmaan biokaasuhubissa merkitt\u00e4vin biokaasun k\u00e4ytt\u00f6potentiaali liittyy alkutuotantoon ja ruokaketjuun, kuten isoihin maatiloihin sek\u00e4 elintarviketeollisuuteen. Nurmon Bioenergian biokaasulaitos tuo maakuntaan suuren mittakaavan nesteytetyn biokaasun (LBG) tuotantolaitoksen. My\u00f6s Kurikkaan on suunnitteilla alueellinen biokaasuekosysteemi, joka perustuisi isoihin nauta- ja sikatiloihin. Lakeuden Etapin biokaasulaitoksessa Ilmajoella tuotetaan biokaasua ja maanparannusraetta bioj\u00e4tteest\u00e4 ja j\u00e4tevedenpuhdistamolietteest\u00e4. Lis\u00e4ksi [&hellip;]<\/p>\n","protected":false},"author":532,"featured_media":0,"parent":0,"menu_order":0,"comment_status":"closed","ping_status":"closed","template":"","meta":{"_acf_changed":false,"footnotes":""},"class_list":["post-431","page","type-page","status-publish","hentry"],"acf":[],"lang":"fi","translations":{"fi":431,"en":380},"pll_sync_post":[],"_links":{"self":[{"href":"https:\/\/sites.uwasa.fi\/digibiogashubs\/wp-json\/wp\/v2\/pages\/431"}],"collection":[{"href":"https:\/\/sites.uwasa.fi\/digibiogashubs\/wp-json\/wp\/v2\/pages"}],"about":[{"href":"https:\/\/sites.uwasa.fi\/digibiogashubs\/wp-json\/wp\/v2\/types\/page"}],"author":[{"embeddable":true,"href":"https:\/\/sites.uwasa.fi\/digibiogashubs\/wp-json\/wp\/v2\/users\/532"}],"replies":[{"embeddable":true,"href":"https:\/\/sites.uwasa.fi\/digibiogashubs\/wp-json\/wp\/v2\/comments?post=431"}],"version-history":[{"count":16,"href":"https:\/\/sites.uwasa.fi\/digibiogashubs\/wp-json\/wp\/v2\/pages\/431\/revisions"}],"predecessor-version":[{"id":650,"href":"https:\/\/sites.uwasa.fi\/digibiogashubs\/wp-json\/wp\/v2\/pages\/431\/revisions\/650"}],"wp:attachment":[{"href":"https:\/\/sites.uwasa.fi\/digibiogashubs\/wp-json\/wp\/v2\/media?parent=431"}],"curies":[{"name":"wp","href":"https:\/\/api.w.org\/{rel}","templated":true}]}}