{"id":252,"date":"2024-04-09T16:05:33","date_gmt":"2024-04-09T13:05:33","guid":{"rendered":"https:\/\/sites.uwasa.fi\/digibiogashubs\/?page_id=252"},"modified":"2025-10-31T11:03:22","modified_gmt":"2025-10-31T09:03:22","slug":"hanke","status":"publish","type":"page","link":"https:\/\/sites.uwasa.fi\/digibiogashubs\/fi\/hanke\/","title":{"rendered":"HANKE"},"content":{"rendered":"<p><img loading=\"lazy\" decoding=\"async\" class=\"aligncenter size-full wp-image-389\" src=\"https:\/\/sites.uwasa.fi\/digibiogashubs\/wp-content\/blogs.dir\/4\/files\/sites\/204\/2024\/11\/dbh-line2.png\" alt=\"Green line\" width=\"2048\" height=\"8\" srcset=\"https:\/\/sites.uwasa.fi\/digibiogashubs\/wp-content\/blogs.dir\/4\/files\/sites\/204\/2024\/11\/dbh-line2.png 2048w, https:\/\/sites.uwasa.fi\/digibiogashubs\/wp-content\/blogs.dir\/4\/files\/sites\/204\/2024\/11\/dbh-line2-300x1.png 300w, https:\/\/sites.uwasa.fi\/digibiogashubs\/wp-content\/blogs.dir\/4\/files\/sites\/204\/2024\/11\/dbh-line2-1024x4.png 1024w, https:\/\/sites.uwasa.fi\/digibiogashubs\/wp-content\/blogs.dir\/4\/files\/sites\/204\/2024\/11\/dbh-line2-768x3.png 768w, https:\/\/sites.uwasa.fi\/digibiogashubs\/wp-content\/blogs.dir\/4\/files\/sites\/204\/2024\/11\/dbh-line2-1536x6.png 1536w, https:\/\/sites.uwasa.fi\/digibiogashubs\/wp-content\/blogs.dir\/4\/files\/sites\/204\/2024\/11\/dbh-line2-1680x8.png 1680w, https:\/\/sites.uwasa.fi\/digibiogashubs\/wp-content\/blogs.dir\/4\/files\/sites\/204\/2024\/11\/dbh-line2-1920x8.png 1920w\" sizes=\"(max-width: 2048px) 100vw, 2048px\" \/><\/p>\n<h3 class=\"node__title\"><span class=\"field field--name-title field--type-string field--label-hidden\"><strong>Digitaalinen verkkoalusta tuo biokaasutoimijat yhteen Pohjanmaan maakunnissa<\/strong><img loading=\"lazy\" decoding=\"async\" class=\"alignright wp-image-258 size-full\" src=\"https:\/\/sites.uwasa.fi\/digibiogashubs\/wp-content\/blogs.dir\/4\/files\/sites\/204\/2024\/04\/dbh-kuvio-fi.png\" alt=\"\" width=\"500\" height=\"500\" srcset=\"https:\/\/sites.uwasa.fi\/digibiogashubs\/wp-content\/blogs.dir\/4\/files\/sites\/204\/2024\/04\/dbh-kuvio-fi.png 500w, https:\/\/sites.uwasa.fi\/digibiogashubs\/wp-content\/blogs.dir\/4\/files\/sites\/204\/2024\/04\/dbh-kuvio-fi-300x300.png 300w, https:\/\/sites.uwasa.fi\/digibiogashubs\/wp-content\/blogs.dir\/4\/files\/sites\/204\/2024\/04\/dbh-kuvio-fi-150x150.png 150w\" sizes=\"(max-width: 500px) 100vw, 500px\" \/><\/span><\/h3>\n<p class=\"field field--name-field-abstract field--type-string-long field--label-hidden field__item\">Vaasan yliopiston, Centria-ammattikorkeakoulun ja Sein\u00e4joen ammattikorkeakoulun yhteinen tutkimushanke DigiBiogasHubs aikoo tuoda pohjalaismaakuntien biokaasutoimijat yhteisty\u00f6h\u00f6n uuden digitaalisen verkkoalustan avulla. Kehitett\u00e4v\u00e4n alustan avulla edistet\u00e4\u00e4n eri alueilla sijaitsevien biokaasuhubien eli klustereiden kehittymist\u00e4, vuorovaikutusta sek\u00e4 biokaasumarkkinoiden kehittymist\u00e4.<\/p>\n<p class=\"field field--name-field-abstract field--type-string-long field--label-hidden field__item\">Biokaasulla on keskeinen rooli kiertotalousratkaisujen kehitt\u00e4misess\u00e4 ja uusiutuvien energial\u00e4hteiden osuuden lis\u00e4\u00e4misess\u00e4 energiaj\u00e4rjestelm\u00e4ss\u00e4. Suomen hallituksen tavoitteena onkin nelinkertaistaa biokaasun tuotantotavoite vuoteen 2030 menness\u00e4. Biokaasun saatavuuteen ja hintaan liittyv\u00e4t ep\u00e4varmuustekij\u00e4t sek\u00e4 hajallaan sijaitsevat biomassat logistiikka- ja kustannushaasteineen heikent\u00e4v\u00e4t kuitenkin tarvittavien investointien houkuttelevuutta ja uusien toimijoiden liittymist\u00e4 biokaasuekosysteemiin.<\/p>\n<p class=\"field field--name-field-abstract field--type-string-long field--label-hidden field__item\">Pohjanmaan maakuntien alueilla kysynt\u00e4 ylitt\u00e4\u00e4 nykyisen biokaasun tuotannon, mutta toimijoille ei ole k\u00e4yt\u00f6ss\u00e4 j\u00e4rjestelm\u00e4tason ratkaisuja, jotka toisivat heid\u00e4t yhteen, pyrkisiv\u00e4t poistamaan nykyisi\u00e4 haasteita ja pullonkauloja tai tarjoaisivat lis\u00e4arvoa tuottavia palveluja biokaasuliiketoiminnan laajentamiseksi ja kasvattamiseksi. Tarve alan toimijoiden v\u00e4lisen yhteisty\u00f6n mahdollistaville digitaalisille ratkaisuille on ilmeinen.<\/p>\n<p>&nbsp;<\/p>\n<h3><strong>Hanke vauhdittaa alueellisten biokaasuekosysteemien kehityst\u00e4<\/strong><\/h3>\n<p>Kolmen maakunnan eli Pohjanmaan, Keski-Pohjanmaan sek\u00e4 Etel\u00e4-Pohjanmaan alueella toteutettavassa DigiBiogasHub-hankkeessa laajennetaan ymm\u00e4rryst\u00e4 hy\u00f6dynt\u00e4m\u00e4tt\u00f6mist\u00e4 biomassoista ja pyrit\u00e4\u00e4n l\u00f6yt\u00e4m\u00e4\u00e4n uusille toimijoille lis\u00e4arvoa tuottava tapa liitty\u00e4 biokaasuekosysteemiin digitaalisen alustan kautta. Hankkeen konkreettisia tuloksia ovat muun muassa digitaalisen alustan konsepti, alustan ja valittujen alustapalveluiden pilotointi, yhteisty\u00f6- ja vuorovaikutusmalli sek\u00e4 oikeudellisten reunaehtojen analyysi.<\/p>\n<p>Hanke luo lis\u00e4ksi uutta tietoa alueen toimijoille biokaasuun liittyvist\u00e4 mahdollisuuksista. Tulokset ovat arvokkaita paitsi biokaasuekosysteemin toimijoille, mutta my\u00f6s kaupungeille, kunnille ja aluekehitt\u00e4jille.<\/p>\n<p>Tutkimushanke DigiBiogasHubs \u2013 Digitaaliset alustat joustavan ja skaalautuvan biokaasutoiminnan mahdollistajina on Euroopan Unionin osarahoittama ja Vaasan yliopiston tutkimus- ja innovaatioalusta VEBICin koordinoima. Projektipartnereita ovat Centria ja SEAMK. Muita rahoittajia ovat W\u00e4rtsil\u00e4, Stormossen, PK Biogas, Kokkolan kaupunki, Kannuksen kaupunki sek\u00e4 Kaustisen seutukunta. Hanke alkoi joulukuussa 2023 ja kest\u00e4\u00e4 kaksi vuotta.<\/p>\n<p>&nbsp;<\/p>\n<h3><strong>Hanke koostuu seuraavista ty\u00f6paketeista:<\/strong><\/h3>\n<p><strong>TP1:<\/strong> <a href=\"https:\/\/sites.uwasa.fi\/digibiogashubs\/fi\/tp1\/\">Alustaekosysteemin yhteisty\u00f6mallin ja orkestrointitavan kehitt\u00e4minen sek\u00e4 alustapalveluiden kuvaaminen<\/a><\/p>\n<p><strong>TP2:<\/strong> <a href=\"https:\/\/sites.uwasa.fi\/digibiogashubs\/fi\/tp2\">Biokaasuhubien mallinnus, kuvaus ja analyysi<\/a><\/p>\n<p><strong>TP3:<\/strong> <a href=\"https:\/\/sites.uwasa.fi\/digibiogashubs\/fi\/tp3-tp4\/\">Digitaalisen alustan konseptin kehitt\u00e4minen<\/a><\/p>\n<p><strong>TP4:<\/strong> <a href=\"https:\/\/sites.uwasa.fi\/digibiogashubs\/fi\/tp3-tp4\/\">Digitaalisen alustan ja valittujen palveluiden pilotointi<\/a><\/p>\n<p><strong>TP5:<\/strong> <a href=\"https:\/\/sites.uwasa.fi\/digibiogashubs\/fi\/tp5\/\">Biokaasuliiketoiminnan oikeudelliset reunaehdot ja haasteet<\/a><\/p>\n<p><strong>TP6:<\/strong> <a href=\"https:\/\/sites.uwasa.fi\/digibiogashubs\/fi\/tp6\/\">Hankeviestint\u00e4, disseminaatio ja eksploitaatio<\/a><\/p>\n<p>&nbsp;<\/p>\n<p><img loading=\"lazy\" decoding=\"async\" class=\"aligncenter wp-image-259 size-full\" src=\"https:\/\/sites.uwasa.fi\/digibiogashubs\/wp-content\/blogs.dir\/4\/files\/sites\/204\/2024\/04\/dbh-tyopakettirakenne.png\" alt=\"Ty\u00f6pakettirakenne\" width=\"1921\" height=\"1081\" srcset=\"https:\/\/sites.uwasa.fi\/digibiogashubs\/wp-content\/blogs.dir\/4\/files\/sites\/204\/2024\/04\/dbh-tyopakettirakenne.png 1921w, https:\/\/sites.uwasa.fi\/digibiogashubs\/wp-content\/blogs.dir\/4\/files\/sites\/204\/2024\/04\/dbh-tyopakettirakenne-300x169.png 300w, https:\/\/sites.uwasa.fi\/digibiogashubs\/wp-content\/blogs.dir\/4\/files\/sites\/204\/2024\/04\/dbh-tyopakettirakenne-1024x576.png 1024w, https:\/\/sites.uwasa.fi\/digibiogashubs\/wp-content\/blogs.dir\/4\/files\/sites\/204\/2024\/04\/dbh-tyopakettirakenne-768x432.png 768w, https:\/\/sites.uwasa.fi\/digibiogashubs\/wp-content\/blogs.dir\/4\/files\/sites\/204\/2024\/04\/dbh-tyopakettirakenne-1536x864.png 1536w, https:\/\/sites.uwasa.fi\/digibiogashubs\/wp-content\/blogs.dir\/4\/files\/sites\/204\/2024\/04\/dbh-tyopakettirakenne-320x180.png 320w, https:\/\/sites.uwasa.fi\/digibiogashubs\/wp-content\/blogs.dir\/4\/files\/sites\/204\/2024\/04\/dbh-tyopakettirakenne-640x360.png 640w, https:\/\/sites.uwasa.fi\/digibiogashubs\/wp-content\/blogs.dir\/4\/files\/sites\/204\/2024\/04\/dbh-tyopakettirakenne-1280x720.png 1280w, https:\/\/sites.uwasa.fi\/digibiogashubs\/wp-content\/blogs.dir\/4\/files\/sites\/204\/2024\/04\/dbh-tyopakettirakenne-1600x900.png 1600w\" sizes=\"(max-width: 1921px) 100vw, 1921px\" \/><\/p>\n","protected":false},"excerpt":{"rendered":"<p>Digitaalinen verkkoalusta tuo biokaasutoimijat yhteen Pohjanmaan maakunnissa Vaasan yliopiston, Centria-ammattikorkeakoulun ja Sein\u00e4joen ammattikorkeakoulun yhteinen tutkimushanke DigiBiogasHubs aikoo tuoda pohjalaismaakuntien biokaasutoimijat yhteisty\u00f6h\u00f6n uuden digitaalisen verkkoalustan avulla. Kehitett\u00e4v\u00e4n alustan avulla edistet\u00e4\u00e4n eri alueilla sijaitsevien biokaasuhubien eli klustereiden kehittymist\u00e4, vuorovaikutusta sek\u00e4 biokaasumarkkinoiden kehittymist\u00e4. Biokaasulla on keskeinen rooli kiertotalousratkaisujen kehitt\u00e4misess\u00e4 ja uusiutuvien energial\u00e4hteiden osuuden lis\u00e4\u00e4misess\u00e4 energiaj\u00e4rjestelm\u00e4ss\u00e4. Suomen hallituksen tavoitteena [&hellip;]<\/p>\n","protected":false},"author":532,"featured_media":0,"parent":0,"menu_order":0,"comment_status":"closed","ping_status":"closed","template":"","meta":{"_acf_changed":false,"footnotes":""},"class_list":["post-252","page","type-page","status-publish","hentry"],"acf":[],"lang":"fi","translations":{"fi":252,"en":20},"pll_sync_post":[],"_links":{"self":[{"href":"https:\/\/sites.uwasa.fi\/digibiogashubs\/wp-json\/wp\/v2\/pages\/252"}],"collection":[{"href":"https:\/\/sites.uwasa.fi\/digibiogashubs\/wp-json\/wp\/v2\/pages"}],"about":[{"href":"https:\/\/sites.uwasa.fi\/digibiogashubs\/wp-json\/wp\/v2\/types\/page"}],"author":[{"embeddable":true,"href":"https:\/\/sites.uwasa.fi\/digibiogashubs\/wp-json\/wp\/v2\/users\/532"}],"replies":[{"embeddable":true,"href":"https:\/\/sites.uwasa.fi\/digibiogashubs\/wp-json\/wp\/v2\/comments?post=252"}],"version-history":[{"count":31,"href":"https:\/\/sites.uwasa.fi\/digibiogashubs\/wp-json\/wp\/v2\/pages\/252\/revisions"}],"predecessor-version":[{"id":660,"href":"https:\/\/sites.uwasa.fi\/digibiogashubs\/wp-json\/wp\/v2\/pages\/252\/revisions\/660"}],"wp:attachment":[{"href":"https:\/\/sites.uwasa.fi\/digibiogashubs\/wp-json\/wp\/v2\/media?parent=252"}],"curies":[{"name":"wp","href":"https:\/\/api.w.org\/{rel}","templated":true}]}}