{"id":193,"date":"2020-07-15T12:53:01","date_gmt":"2020-07-15T09:53:01","guid":{"rendered":"https:\/\/sites.uwasa.fi\/coblo\/?page_id=193"},"modified":"2022-05-30T22:15:18","modified_gmt":"2022-05-30T19:15:18","slug":"publications","status":"publish","type":"page","link":"https:\/\/sites.uwasa.fi\/coblo\/publications\/","title":{"rendered":"Our Publications"},"content":{"rendered":"<p>Serada, A., Grym, J., &amp; Sihvonen, T. (2022). The Economy of Attention on Blockchain in the Brave Browser. In V. J. E. Manninen, M. K. Niemi, &amp; A. Ridge-Newman (Eds.), <em>Futures of Journalism<\/em>: Technology-stimulated Evolution in the Audience-News Media Relationship (pp. 49\u201362). Springer International Publishing. <a href=\"https:\/\/doi.org\/10.1007\/978-3-030-95073-6_4\">https:\/\/doi.org\/10.1007\/978-3-030-95073-6_4<\/a><\/p>\n<p>Sihvonen, T., Koskela, M., &amp; K\u00e4\u00e4nt\u00e4, L. (2022). \u201cBlockchain May Automate Jobs Done by the Boss and AI Can Predict a Heart Attack.\u201d In A. Dingli, A. Pfeiffer, A. Serada, M. Bugeja, &amp; S. Bezzina (Eds.),<em> Disruptive Technologies in Media, Arts and Design<\/em> (pp. 29\u201342). Springer International Publishing. <a href=\"https:\/\/doi.org\/10.1007\/978-3-030-93780-5_3\">https:\/\/doi.org\/10.1007\/978-3-030-93780-5_3<\/a><\/p>\n<p>Serada, A. (2022). Fairness by Design: The Fair Game and the Fair Price on a Blockchain-Based Marketplace. In A. Dingli, A. Pfeiffer, A. Serada, M. Bugeja, &amp; S. Bezzina (Eds.), <em>Disruptive Technologies in Media, Arts and Design<\/em> (pp. 63\u201375). Springer International Publishing. <a href=\"https:\/\/doi.org\/10.1007\/978-3-030-93780-5_6\">https:\/\/doi.org\/10.1007\/978-3-030-93780-5_6<\/a><\/p>\n<p>Tuomas Harviainen, J., Serada, A., &amp; Sihvonen, T. (2022). Cryptogames as Drivers for Blockchain Application Development. In A. Dingli, A. Pfeiffer, A. Serada, M. Bugeja, &amp; S. Bezzina (Eds.), <em>Disruptive Technologies in Media, Arts and Design<\/em> (pp. 55\u201361). Springer International Publishing. <a href=\"https:\/\/doi.org\/10.1007\/978-3-030-93780-5_5\">https:\/\/doi.org\/10.1007\/978-3-030-93780-5_5<\/a><\/p>\n<p>Serada, A., Sihvonen, T., &amp; Harviainen, J. T. (2021). CryptoKitties and the New Ludic Economy: How Blockchain Introduces Value, Ownership, and Scarcity in Digital Gaming. <em>Games and Culture<\/em>, 16(4), 457\u2013480. <a href=\"https:\/\/doi.org\/10.1177\/1555412019898305\">https:\/\/doi.org\/10.1177\/1555412019898305<\/a><\/p>\n<p>Serada, A. (2020). The Continuous Materiality of Blockchain. <em>Konferenzband Zum Scientific Track Der Blockchain Autumn School<\/em> 2020, 71\u201376. <a href=\"https:\/\/doi.org\/10.48446\/opus\u201011868\">https:\/\/doi.org\/10.48446\/opus\u201011868<\/a><\/p>\n<p>Sihvonen, T., Koskela, M., Huusko, H. (2020). Hyv\u00e4 teknologia, pahat sovellukset? : lohkoketjun ja kryptovaluuttojen merkityksellist\u00e4minen journalismissa. <em>Yhteiskuntapolitiikka.<\/em> 1, 17-30. English title: Sihvonen, T., Koskela, M., Huusko, H. (2020).\u00a0 Good technology, bad applications? Making sense of blockchain and cryptocurrencies in journalism. <em>Yhteiskuntapolitiikka.<\/em> 1, 17-30.<\/p>\n","protected":false},"excerpt":{"rendered":"<p>Our research group produced a number of excellent academic publications about blockchain technologies in Finnish and international journals.<\/p>\n","protected":false},"author":48,"featured_media":198,"parent":0,"menu_order":0,"comment_status":"closed","ping_status":"closed","template":"","meta":{"_acf_changed":false,"footnotes":""},"class_list":["post-193","page","type-page","status-publish","has-post-thumbnail","hentry"],"acf":[],"lang":"fi","translations":{"fi":193,"en":201},"pll_sync_post":[],"_links":{"self":[{"href":"https:\/\/sites.uwasa.fi\/coblo\/wp-json\/wp\/v2\/pages\/193"}],"collection":[{"href":"https:\/\/sites.uwasa.fi\/coblo\/wp-json\/wp\/v2\/pages"}],"about":[{"href":"https:\/\/sites.uwasa.fi\/coblo\/wp-json\/wp\/v2\/types\/page"}],"author":[{"embeddable":true,"href":"https:\/\/sites.uwasa.fi\/coblo\/wp-json\/wp\/v2\/users\/48"}],"replies":[{"embeddable":true,"href":"https:\/\/sites.uwasa.fi\/coblo\/wp-json\/wp\/v2\/comments?post=193"}],"version-history":[{"count":6,"href":"https:\/\/sites.uwasa.fi\/coblo\/wp-json\/wp\/v2\/pages\/193\/revisions"}],"predecessor-version":[{"id":431,"href":"https:\/\/sites.uwasa.fi\/coblo\/wp-json\/wp\/v2\/pages\/193\/revisions\/431"}],"wp:featuredmedia":[{"embeddable":true,"href":"https:\/\/sites.uwasa.fi\/coblo\/wp-json\/wp\/v2\/media\/198"}],"wp:attachment":[{"href":"https:\/\/sites.uwasa.fi\/coblo\/wp-json\/wp\/v2\/media?parent=193"}],"curies":[{"name":"wp","href":"https:\/\/api.w.org\/{rel}","templated":true}]}}