{"id":1222,"date":"2025-05-27T15:58:28","date_gmt":"2025-05-27T12:58:28","guid":{"rendered":"https:\/\/sites.uwasa.fi\/butterfly\/?page_id=1222"},"modified":"2025-05-27T15:58:37","modified_gmt":"2025-05-27T12:58:37","slug":"bonus-ohjelma","status":"publish","type":"page","link":"https:\/\/sites.uwasa.fi\/butterfly\/bonus-ohjelma\/","title":{"rendered":"Bonus-ohjelma"},"content":{"rendered":"<h2>Valot pois -ilta 13.8.2025<\/h2>\n<figure id=\"attachment_1220\" aria-describedby=\"caption-attachment-1220\" style=\"width: 566px\" class=\"wp-caption alignright\"><img loading=\"lazy\" decoding=\"async\" class=\" wp-image-1220\" src=\"https:\/\/sites.uwasa.fi\/butterfly\/wp-content\/blogs.dir\/4\/files\/sites\/248\/2025\/05\/dom02.jpg\" alt=\"Domenico de Clario in performance with blind-folded piano playing\" width=\"566\" height=\"566\" srcset=\"https:\/\/sites.uwasa.fi\/butterfly\/wp-content\/blogs.dir\/4\/files\/sites\/248\/2025\/05\/dom02.jpg 709w, https:\/\/sites.uwasa.fi\/butterfly\/wp-content\/blogs.dir\/4\/files\/sites\/248\/2025\/05\/dom02-300x300.jpg 300w, https:\/\/sites.uwasa.fi\/butterfly\/wp-content\/blogs.dir\/4\/files\/sites\/248\/2025\/05\/dom02-150x150.jpg 150w\" sizes=\"(max-width: 566px) 100vw, 566px\" \/><figcaption id=\"caption-attachment-1220\" class=\"wp-caption-text\">Domenico de Clario, valokuva: Jane Hirshfield<\/figcaption><\/figure>\n<h3>Aika: 17:30\u201321:00<\/h3>\n<p>Keskiviikkona 13. elokuuta valot sammutetaan, jotta voimme pohtia s\u00e4hk\u00f6valaistun maailman vaikutuksia. Illan aikana n\u00e4hd\u00e4\u00e4n esityksi\u00e4 ja taideteoksia. Vierailijat voivat mietti\u00e4 el\u00e4m\u00e4\u00e4 ilman digitaalisia j\u00e4rjestelmi\u00e4 sek\u00e4 tapoja, joilla voimme &#8220;maksaa takaisin&#8221; maapallolle luomastamme vaikutuksesta. Se on ilta yhteyksille ja ilta pohdiskelulle.<\/p>\n<p>Tapahtuma ajoittuu samaan aikaan **Wasa Future Festivalin Alumni-illan** kanssa. Jos satut olemaan siell\u00e4, poikkea ihmeess\u00e4 **Butterflyyn**.<\/p>\n<p>&nbsp;<\/p>\n<h2>Taiteiden y\u00f6 14.8.2025<\/h2>\n<h3>Aika: 17:30\u201322:00<\/h3>\n<p><em>Butterfly<\/em> osallistuu<a href=\"https:\/\/www.vaasa.fi\/koe-ja-nae\/kulttuuria-vaasassa-ja-seudulla\/taiteiden-yo\/\"> Vaasan kaupungin Taiteiden<\/a> y\u00f6h\u00f6n 14. elokuuta 2025.<\/p>\n<p><em>Butterfly<\/em>-n\u00e4yttely on avoinna klo 22:00 asti, ja mukana on esityksi\u00e4 Domenico de Clariolta. Lis\u00e4ksi teemme yhteisty\u00f6t\u00e4 **Platform Artin** kanssa tuodaksemme paikalle erikoisvieraita WIC:n sis\u00e4pihalle. Joten pysy kuulolla!<\/p>\n<p>&nbsp;<\/p>\n","protected":false},"excerpt":{"rendered":"<p>Valot pois -ilta 13.8.2025 Aika: 17:30\u201321:00 Keskiviikkona 13. elokuuta valot sammutetaan, jotta voimme pohtia s\u00e4hk\u00f6valaistun maailman vaikutuksia. Illan aikana n\u00e4hd\u00e4\u00e4n esityksi\u00e4 ja taideteoksia. Vierailijat voivat mietti\u00e4 el\u00e4m\u00e4\u00e4 ilman digitaalisia j\u00e4rjestelmi\u00e4 sek\u00e4 tapoja, joilla voimme &#8220;maksaa takaisin&#8221; maapallolle luomastamme vaikutuksesta. Se on ilta yhteyksille ja ilta pohdiskelulle. Tapahtuma ajoittuu samaan aikaan **Wasa Future Festivalin Alumni-illan** kanssa. [&hellip;]<\/p>\n","protected":false},"author":388,"featured_media":0,"parent":0,"menu_order":0,"comment_status":"closed","ping_status":"closed","template":"","meta":{"_acf_changed":false,"footnotes":""},"class_list":["post-1222","page","type-page","status-publish","hentry"],"acf":[],"lang":"fi","translations":{"fi":1222},"pll_sync_post":[],"_links":{"self":[{"href":"https:\/\/sites.uwasa.fi\/butterfly\/wp-json\/wp\/v2\/pages\/1222"}],"collection":[{"href":"https:\/\/sites.uwasa.fi\/butterfly\/wp-json\/wp\/v2\/pages"}],"about":[{"href":"https:\/\/sites.uwasa.fi\/butterfly\/wp-json\/wp\/v2\/types\/page"}],"author":[{"embeddable":true,"href":"https:\/\/sites.uwasa.fi\/butterfly\/wp-json\/wp\/v2\/users\/388"}],"replies":[{"embeddable":true,"href":"https:\/\/sites.uwasa.fi\/butterfly\/wp-json\/wp\/v2\/comments?post=1222"}],"version-history":[{"count":2,"href":"https:\/\/sites.uwasa.fi\/butterfly\/wp-json\/wp\/v2\/pages\/1222\/revisions"}],"predecessor-version":[{"id":1225,"href":"https:\/\/sites.uwasa.fi\/butterfly\/wp-json\/wp\/v2\/pages\/1222\/revisions\/1225"}],"wp:attachment":[{"href":"https:\/\/sites.uwasa.fi\/butterfly\/wp-json\/wp\/v2\/media?parent=1222"}],"curies":[{"name":"wp","href":"https:\/\/api.w.org\/{rel}","templated":true}]}}