{"id":3,"date":"2026-03-27T13:34:17","date_gmt":"2026-03-27T11:34:17","guid":{"rendered":"https:\/\/sites.uwasa.fi\/battedu\/?page_id=3"},"modified":"2026-03-27T13:39:27","modified_gmt":"2026-03-27T11:39:27","slug":"hanke","status":"publish","type":"page","link":"https:\/\/sites.uwasa.fi\/battedu\/hanke\/","title":{"rendered":"Hanke"},"content":{"rendered":"<p>Kansallisen akkustrategian mukaan akkusektori tarvitsee lis\u00e4\u00e4 osaavaa ty\u00f6voimaa, ja osaaminen ratkaisee Suomen menestyksen kansainv\u00e4lisess\u00e4 kilpailussa. T\u00e4m\u00e4 verkoston tavoitteena on varmistaa osaamisen laatu ja osaajien m\u00e4\u00e4r\u00e4, jotta yritykset ja yhteiskunta pystyv\u00e4t vastaamaan tulevaisuuden haasteisiin. Hankkeen ensisijaisena tavoitteena on luoda, vahvistaa ja monipuolistaa yhteyksi\u00e4 oppilaitosten ja akkuarvoketjussa toimivien yritysten v\u00e4lill\u00e4, jotta koulutukset vastaavat entist\u00e4 paremmin ty\u00f6el\u00e4m\u00e4n vaatimuksiin ja tulevaisuuden osaamistarpeisiin. T\u00e4m\u00e4n tavoitteen tueksi hankkeessa vakiinnutetaan vahva koulutusverkosto elinkeinoel\u00e4m\u00e4n tueksi, hy\u00f6dynt\u00e4en olemassa olevia verkostoja ja hankkeita. Koulutusverkosto tekee n\u00e4kyv\u00e4ksi erilaiset koulutuspolut ja jatkuvan oppimisen koulutuksen koko akkuarvoketjun osalta. Kokonaisuutta luodaan organisaatiorajat ja koulutusasteet ylitt\u00e4en. Hankkeessa kehitet\u00e4\u00e4n uusia menetelmi\u00e4, joilla saadaan jatkuvan oppimisen asiakaskuntaa sitoutettua opintoihin paremmin ja jotka tukevat my\u00f6s ty\u00f6nantajien ja elinkeinoel\u00e4m\u00e4n tavoitteita jatkuvan oppimisen koulutukselle. Verkoston avulla pyrit\u00e4\u00e4n varmistamaan, ett\u00e4 koulutuspolut vastaavat nykyisten ja tulevien ty\u00f6markkinoiden tarpeita. T\u00e4m\u00e4 integroitu l\u00e4hestymistapa edist\u00e4\u00e4 oppilaitosten ja ty\u00f6el\u00e4m\u00e4n v\u00e4list\u00e4 yhteisty\u00f6t\u00e4 ja vahvistaa Suomen asemaa innovaation ja kest\u00e4v\u00e4n kehityksen k\u00e4rjess\u00e4.<\/p>\n<p>Hanke parantaa akkuteknologian ja siihen liittyv\u00e4n arvoketjun osaamisen kokonaisuuksissa suomalaista koulutusorganisaatioiden yhteisty\u00f6verkostoa, mik\u00e4 parantaa kansallista kilpailukyky\u00e4. Hankkeessa luodaan selkeit\u00e4 uusia toimintamalleja yhteiseen kansalliseen koulutusorganisaatioiden verkostotoimintaan esimerkiksi j\u00e4rjest\u00e4m\u00e4ll\u00e4 kansallisia seminaareja ja webinaareja. N\u00e4in v\u00e4ltet\u00e4\u00e4n p\u00e4\u00e4llekk\u00e4isi\u00e4 koulutuspolkuja ja -sis\u00e4lt\u00f6j\u00e4.<\/p>\n<p>Hankkeen ty\u00f6paketit keskittyv\u00e4t opintopolkujen luomiseen, ty\u00f6el\u00e4m\u00e4yhteisty\u00f6n kehitt\u00e4miseen ja verkoston toiminnan vakiinnuttamiseen.Opintopolkuja luodaan olemassa olevien koulutustarpeiden kartoitusten perusteella kehitt\u00e4en jatkuvan oppimisen kohderyhm\u00e4lle paremmin soveltuvia tapoja p\u00e4ivitt\u00e4\u00e4 jo olemassa olevaa osaamista sek\u00e4 hankkia uusia tietoja ja taitoja ty\u00f6el\u00e4m\u00e4l\u00e4ht\u00f6isist\u00e4 kokonaisuuksista. Ty\u00f6el\u00e4m\u00e4yhteisty\u00f6ss\u00e4 kehitet\u00e4\u00e4n verkostoja, joissa koulutuksen tarjoajat ja yritykset voivat s\u00e4\u00e4nn\u00f6llisesti kohdata ja vaihtaa tietoa. Verkoston toiminnan vakiinnuttamiseksi rakennetaan pysyv\u00e4 yhteisty\u00f6verkosto, joka mahdollistaa koulutuksen tarjoajien ja yritysten s\u00e4\u00e4nn\u00f6llisen vuorovaikutuksen. Tavoitteena on luoda vakaa pohja yhteisty\u00f6lle ja vahvistaa akkualan kilpailukyky\u00e4 ja osaamista.<\/p>\n<p>Hankkeen tuloksena saavutetaan vakiintunut ja strategisesti johdettu yhteisty\u00f6verkosto, joka parantaa koulutustarjontaa ja verkoston toimijoiden yhteisty\u00f6t\u00e4. T\u00e4m\u00e4 auttaa rakentamaan vahvan osaamisperustan akkualalle ja vastaamaan tulevaisuuden haasteisiin tehokkaasti ja ennakoivasti. Hankkeen p\u00e4\u00e4tytty\u00e4 toimintamalli mahdollistaa verkoston avoimen toiminnan ja uusien toimijoiden sek\u00e4 sidosryhmien kasvattamisen.<\/p>\n","protected":false},"excerpt":{"rendered":"<p>Kansallisen akkustrategian mukaan akkusektori tarvitsee lis\u00e4\u00e4 osaavaa ty\u00f6voimaa, ja osaaminen ratkaisee Suomen menestyksen kansainv\u00e4lisess\u00e4 kilpailussa. T\u00e4m\u00e4 verkoston tavoitteena on varmistaa osaamisen laatu ja osaajien m\u00e4\u00e4r\u00e4, jotta yritykset ja yhteiskunta pystyv\u00e4t vastaamaan tulevaisuuden haasteisiin. Hankkeen ensisijaisena tavoitteena on luoda, vahvistaa ja monipuolistaa yhteyksi\u00e4 oppilaitosten ja akkuarvoketjussa toimivien yritysten v\u00e4lill\u00e4, jotta koulutukset vastaavat entist\u00e4 paremmin ty\u00f6el\u00e4m\u00e4n vaatimuksiin [&hellip;]<\/p>\n","protected":false},"author":597,"featured_media":0,"parent":0,"menu_order":1,"comment_status":"closed","ping_status":"closed","template":"","meta":{"_acf_changed":false,"footnotes":""},"class_list":["post-3","page","type-page","status-publish","hentry"],"acf":[],"_links":{"self":[{"href":"https:\/\/sites.uwasa.fi\/battedu\/wp-json\/wp\/v2\/pages\/3"}],"collection":[{"href":"https:\/\/sites.uwasa.fi\/battedu\/wp-json\/wp\/v2\/pages"}],"about":[{"href":"https:\/\/sites.uwasa.fi\/battedu\/wp-json\/wp\/v2\/types\/page"}],"author":[{"embeddable":true,"href":"https:\/\/sites.uwasa.fi\/battedu\/wp-json\/wp\/v2\/users\/597"}],"replies":[{"embeddable":true,"href":"https:\/\/sites.uwasa.fi\/battedu\/wp-json\/wp\/v2\/comments?post=3"}],"version-history":[{"count":2,"href":"https:\/\/sites.uwasa.fi\/battedu\/wp-json\/wp\/v2\/pages\/3\/revisions"}],"predecessor-version":[{"id":45,"href":"https:\/\/sites.uwasa.fi\/battedu\/wp-json\/wp\/v2\/pages\/3\/revisions\/45"}],"wp:attachment":[{"href":"https:\/\/sites.uwasa.fi\/battedu\/wp-json\/wp\/v2\/media?parent=3"}],"curies":[{"name":"wp","href":"https:\/\/api.w.org\/{rel}","templated":true}]}}