{"id":2,"date":"2025-10-10T13:18:32","date_gmt":"2025-10-10T10:18:32","guid":{"rendered":"https:\/\/sites.uwasa.fi\/battedu\/?page_id=2"},"modified":"2026-04-08T13:22:10","modified_gmt":"2026-04-08T10:22:10","slug":"esimerkkisivu","status":"publish","type":"page","link":"https:\/\/sites.uwasa.fi\/battedu\/","title":{"rendered":"BattEdu &#8211;  Koulutustoimijoiden verkosto akkuarvoketjun osaamistarpeisiin"},"content":{"rendered":"<p><img loading=\"lazy\" decoding=\"async\" class=\"aligncenter wp-image-7 size-full\" src=\"https:\/\/sites.uwasa.fi\/battedu\/wp-content\/blogs.dir\/4\/files\/sites\/264\/2025\/10\/kuvituskuva4.png\" alt=\"\" width=\"1536\" height=\"1024\" srcset=\"https:\/\/sites.uwasa.fi\/battedu\/wp-content\/blogs.dir\/4\/files\/sites\/264\/2025\/10\/kuvituskuva4.png 1536w, https:\/\/sites.uwasa.fi\/battedu\/wp-content\/blogs.dir\/4\/files\/sites\/264\/2025\/10\/kuvituskuva4-300x200.png 300w, https:\/\/sites.uwasa.fi\/battedu\/wp-content\/blogs.dir\/4\/files\/sites\/264\/2025\/10\/kuvituskuva4-1024x683.png 1024w, https:\/\/sites.uwasa.fi\/battedu\/wp-content\/blogs.dir\/4\/files\/sites\/264\/2025\/10\/kuvituskuva4-768x512.png 768w\" sizes=\"(max-width: 1536px) 100vw, 1536px\" \/><\/p>\n<p style=\"text-align: center\">Hankkeen ensisijaisena tavoitteena on luoda, vahvistaa ja monipuolistaa yhteyksi\u00e4 oppilaitosten ja ty\u00f6markkinoiden v\u00e4lill\u00e4, jotta koulutukset vastaavat entist\u00e4 paremmin ty\u00f6el\u00e4m\u00e4n vaatimuksiin ja tulevaisuuden osaamistarpeisiin. T\u00e4m\u00e4n tavoitteen tueksi hankkeessa vakiinnutetaan vahva alueellinen koulutusverkosto elinkeinoel\u00e4m\u00e4n tueksi, muita jo olemassa olevia verkostoja\/hankkeita hy\u00f6dynt\u00e4en.<\/p>\n","protected":false},"excerpt":{"rendered":"<p>Hankkeen ensisijaisena tavoitteena on luoda, vahvistaa ja monipuolistaa yhteyksi\u00e4 oppilaitosten ja ty\u00f6markkinoiden v\u00e4lill\u00e4, jotta koulutukset vastaavat entist\u00e4 paremmin ty\u00f6el\u00e4m\u00e4n vaatimuksiin ja tulevaisuuden osaamistarpeisiin. T\u00e4m\u00e4n tavoitteen tueksi hankkeessa vakiinnutetaan vahva alueellinen koulutusverkosto elinkeinoel\u00e4m\u00e4n tueksi, muita jo olemassa olevia verkostoja\/hankkeita hy\u00f6dynt\u00e4en.<\/p>\n","protected":false},"author":597,"featured_media":0,"parent":0,"menu_order":0,"comment_status":"closed","ping_status":"open","template":"","meta":{"_acf_changed":false,"footnotes":""},"class_list":["post-2","page","type-page","status-publish","hentry"],"acf":[],"_links":{"self":[{"href":"https:\/\/sites.uwasa.fi\/battedu\/wp-json\/wp\/v2\/pages\/2"}],"collection":[{"href":"https:\/\/sites.uwasa.fi\/battedu\/wp-json\/wp\/v2\/pages"}],"about":[{"href":"https:\/\/sites.uwasa.fi\/battedu\/wp-json\/wp\/v2\/types\/page"}],"author":[{"embeddable":true,"href":"https:\/\/sites.uwasa.fi\/battedu\/wp-json\/wp\/v2\/users\/597"}],"replies":[{"embeddable":true,"href":"https:\/\/sites.uwasa.fi\/battedu\/wp-json\/wp\/v2\/comments?post=2"}],"version-history":[{"count":20,"href":"https:\/\/sites.uwasa.fi\/battedu\/wp-json\/wp\/v2\/pages\/2\/revisions"}],"predecessor-version":[{"id":112,"href":"https:\/\/sites.uwasa.fi\/battedu\/wp-json\/wp\/v2\/pages\/2\/revisions\/112"}],"wp:attachment":[{"href":"https:\/\/sites.uwasa.fi\/battedu\/wp-json\/wp\/v2\/media?parent=2"}],"curies":[{"name":"wp","href":"https:\/\/api.w.org\/{rel}","templated":true}]}}